{"id":81,"date":"2024-09-13T15:13:24","date_gmt":"2024-09-13T13:13:24","guid":{"rendered":"https:\/\/mmi-tarbes.fr\/guillaume_portfolio\/?page_id=81"},"modified":"2025-01-19T16:02:58","modified_gmt":"2025-01-19T15:02:58","slug":"a-propos","status":"publish","type":"page","link":"https:\/\/mmi-tarbes.fr\/guillaume_portfolio\/a-propos\/","title":{"rendered":"\u00c0 propos"},"content":{"rendered":"\t\t<div data-elementor-type=\"wp-page\" data-elementor-id=\"81\" class=\"elementor elementor-81\" data-elementor-post-type=\"page\">\n\t\t\t\t<div class=\"elementor-element elementor-element-8b4af3a e-con-full e-flex wpr-particle-no wpr-jarallax-no wpr-parallax-no wpr-sticky-section-no e-con e-parent\" data-id=\"8b4af3a\" data-element_type=\"container\">\n\t\t\t\t<div class=\"elementor-element elementor-element-ffd41d0 elementor-widget elementor-widget-spacer\" data-id=\"ffd41d0\" data-element_type=\"widget\" data-widget_type=\"spacer.default\">\n\t\t\t\t<div class=\"elementor-widget-container\">\n\t\t\t\t\t\t\t<div class=\"elementor-spacer\">\n\t\t\t<div class=\"elementor-spacer-inner\"><\/div>\n\t\t<\/div>\n\t\t\t\t\t\t<\/div>\n\t\t\t\t<\/div>\n\t\t<div class=\"elementor-element elementor-element-0775bee e-con-full e-flex wpr-particle-no wpr-jarallax-no wpr-parallax-no wpr-sticky-section-no e-con e-child\" data-id=\"0775bee\" data-element_type=\"container\">\n\t\t\t\t<div class=\"elementor-element elementor-element-687d876 elementor-widget elementor-widget-heading\" data-id=\"687d876\" data-element_type=\"widget\" data-widget_type=\"heading.default\">\n\t\t\t\t<div class=\"elementor-widget-container\">\n\t\t\t\t\t<h1 class=\"elementor-heading-title elementor-size-default\">A PROPOS<\/h1>\t\t\t\t<\/div>\n\t\t\t\t<\/div>\n\t\t<div class=\"elementor-element elementor-element-b545fef e-con-full e-flex wpr-particle-no wpr-jarallax-no wpr-parallax-no wpr-sticky-section-no e-con e-child\" data-id=\"b545fef\" data-element_type=\"container\">\n\t\t\t\t<div class=\"elementor-element elementor-element-347703c elementor-widget-divider--view-line elementor-widget elementor-widget-divider\" data-id=\"347703c\" data-element_type=\"widget\" data-widget_type=\"divider.default\">\n\t\t\t\t<div class=\"elementor-widget-container\">\n\t\t\t\t\t\t\t<div class=\"elementor-divider\">\n\t\t\t<span class=\"elementor-divider-separator\">\n\t\t\t\t\t\t<\/span>\n\t\t<\/div>\n\t\t\t\t\t\t<\/div>\n\t\t\t\t<\/div>\n\t\t\t\t<\/div>\n\t\t\t\t<div class=\"elementor-element elementor-element-50673a4 elementor-widget__width-inherit elementor-widget elementor-widget-text-editor\" data-id=\"50673a4\" data-element_type=\"widget\" data-widget_type=\"text-editor.default\">\n\t\t\t\t<div class=\"elementor-widget-container\">\n\t\t\t\t\t\t\t\t\t<p>Je m&rsquo;appelle Guillaume RAYNAUD, \u00e9tudiant en derni\u00e8re ann\u00e9e \/ Fraichement dipl\u00f4m\u00e9 du BUT M\u00e9tiers du Multim\u00e9dia et de l&rsquo;Internet (MMI) \u00e0 l&rsquo;IUT de Tarbes. Ce parcours m&rsquo;a permis de toucher \u00e0 de nombreux aspects du num\u00e9rique \u2013 du graphisme au d\u00e9veloppement web en passant par la communication \u2013 et m&rsquo;a orient\u00e9 vers ce qui me passionne vraiment : le d\u00e9veloppement web.<\/p><p>Pendant ces trois ann\u00e9es, j\u2019ai acquis des bases solides en communication mais aussi en refonte de site internet pour une entreprise ou encore la cr\u00e9ation de maquette en respectant UI\/UX afin de cr\u00e9er un site optimale. J\u2019ai eu l\u2019occasion \u00e0 plusieurs reprises de travailler en conditions r\u00e9elles pour une entreprise soit lors de mes stages ou alors lors d\u2019un projet de 3\u00e8me ann\u00e9e. Dans ces projets j\u2019ai pu refaire le plan globale de communication pour eux et proposer ainsi que concevoir une refonte de site internet ce qui m\u2019a fait acqu\u00e9rir de solides comp\u00e9tences.<\/p>\t\t\t\t\t\t\t\t<\/div>\n\t\t\t\t<\/div>\n\t\t\t\t<\/div>\n\t\t<div class=\"elementor-element elementor-element-095bb90 e-con-full e-flex wpr-particle-no wpr-jarallax-no wpr-parallax-no wpr-sticky-section-no e-con e-child\" data-id=\"095bb90\" data-element_type=\"container\">\n\t\t\t\t<\/div>\n\t\t<div class=\"elementor-element elementor-element-f31b5df e-con-full e-flex wpr-particle-no wpr-jarallax-no wpr-parallax-no wpr-sticky-section-no e-con e-child\" data-id=\"f31b5df\" data-element_type=\"container\">\n\t\t\t\t<div class=\"elementor-element elementor-element-00cef06 elementor-widget elementor-widget-image\" data-id=\"00cef06\" data-element_type=\"widget\" data-widget_type=\"image.default\">\n\t\t\t\t<div class=\"elementor-widget-container\">\n\t\t\t\t\t\t\t\t\t\t\t\t\t\t\t<img decoding=\"async\" src=\"https:\/\/mmi-tarbes.fr\/guillaume_portfolio\/wp-content\/uploads\/elementor\/thumbs\/MG_1247-1-qwkedk0882t9iq0cbuzz1y77ql12aveurkbcb47pec.jpg\" title=\"_MG_1247\" alt=\"_MG_1247\" loading=\"lazy\" \/>\t\t\t\t\t\t\t\t\t\t\t\t\t\t\t<\/div>\n\t\t\t\t<\/div>\n\t\t\t\t<\/div>\n\t\t\t\t<\/div>\n\t\t\t\t<\/div>\n\t\t","protected":false},"excerpt":{"rendered":"<p>A PROPOS Je m&rsquo;appelle Guillaume RAYNAUD, \u00e9tudiant en derni\u00e8re ann\u00e9e \/ Fraichement dipl\u00f4m\u00e9 du BUT M\u00e9tiers du Multim\u00e9dia et de l&rsquo;Internet (MMI) \u00e0 l&rsquo;IUT de Tarbes. Ce parcours m&rsquo;a permis de toucher \u00e0 de nombreux aspects du num\u00e9rique \u2013 du graphisme au d\u00e9veloppement web en passant par la communication \u2013 et m&rsquo;a orient\u00e9 vers ce qui me passionne vraiment : le d\u00e9veloppement web. Pendant ces trois ann\u00e9es, j\u2019ai acquis des bases solides en communication mais aussi en refonte de site internet pour une entreprise ou encore la cr\u00e9ation de maquette en respectant UI\/UX afin de cr\u00e9er un site optimale. J\u2019ai eu l\u2019occasion \u00e0 plusieurs reprises de travailler en conditions r\u00e9elles pour une entreprise soit lors de mes stages ou alors lors d\u2019un projet de 3\u00e8me ann\u00e9e. Dans ces projets j\u2019ai pu refaire le plan globale de communication pour eux et proposer ainsi que concevoir une refonte de site internet ce qui m\u2019a fait acqu\u00e9rir de solides comp\u00e9tences.<\/p>\n","protected":false},"author":1,"featured_media":0,"parent":0,"menu_order":0,"comment_status":"closed","ping_status":"closed","template":"","meta":{"footnotes":""},"class_list":["post-81","page","type-page","status-publish","hentry"],"yoast_head":"<!-- This site is optimized with the Yoast SEO plugin v24.8 - https:\/\/yoast.com\/wordpress\/plugins\/seo\/ -->\n<title>\u00c0 propos - Guillaume Portfolio<\/title>\n<meta name=\"robots\" content=\"index, follow, max-snippet:-1, max-image-preview:large, max-video-preview:-1\" \/>\n<link rel=\"canonical\" href=\"https:\/\/mmi-tarbes.fr\/guillaume_portfolio\/a-propos\/\" \/>\n<meta property=\"og:locale\" content=\"fr_FR\" \/>\n<meta property=\"og:type\" content=\"article\" \/>\n<meta property=\"og:title\" content=\"\u00c0 propos - Guillaume Portfolio\" \/>\n<meta property=\"og:description\" content=\"A PROPOS Je m&rsquo;appelle Guillaume RAYNAUD, \u00e9tudiant en derni\u00e8re ann\u00e9e \/ Fraichement dipl\u00f4m\u00e9 du BUT M\u00e9tiers du Multim\u00e9dia et de l&rsquo;Internet (MMI) \u00e0 l&rsquo;IUT de Tarbes. Ce parcours m&rsquo;a permis de toucher \u00e0 de nombreux aspects du num\u00e9rique \u2013 du graphisme au d\u00e9veloppement web en passant par la communication \u2013 et m&rsquo;a orient\u00e9 vers ce qui me passionne vraiment : le d\u00e9veloppement web. Pendant ces trois ann\u00e9es, j\u2019ai acquis des bases solides en communication mais aussi en refonte de site internet pour une entreprise ou encore la cr\u00e9ation de maquette en respectant UI\/UX afin de cr\u00e9er un site optimale. J\u2019ai eu l\u2019occasion \u00e0 plusieurs reprises de travailler en conditions r\u00e9elles pour une entreprise soit lors de mes stages ou alors lors d\u2019un projet de 3\u00e8me ann\u00e9e. Dans ces projets j\u2019ai pu refaire le plan globale de communication pour eux et proposer ainsi que concevoir une refonte de site internet ce qui m\u2019a fait acqu\u00e9rir de solides comp\u00e9tences.\" \/>\n<meta property=\"og:url\" content=\"https:\/\/mmi-tarbes.fr\/guillaume_portfolio\/a-propos\/\" \/>\n<meta property=\"og:site_name\" content=\"Guillaume Portfolio\" \/>\n<meta property=\"article:modified_time\" content=\"2025-01-19T15:02:58+00:00\" \/>\n<meta property=\"og:image\" content=\"https:\/\/mmi-tarbes.fr\/guillaume_portfolio\/wp-content\/uploads\/elementor\/thumbs\/MG_1247-1-qwkedk0882t9iq0cbuzz1y77ql12aveurkbcb47pec.jpg\" \/>\n<meta name=\"twitter:card\" content=\"summary_large_image\" \/>\n<meta name=\"twitter:label1\" content=\"Dur\u00e9e de lecture estim\u00e9e\" \/>\n\t<meta name=\"twitter:data1\" content=\"1 minute\" \/>\n<script type=\"application\/ld+json\" class=\"yoast-schema-graph\">{\"@context\":\"https:\/\/schema.org\",\"@graph\":[{\"@type\":\"WebPage\",\"@id\":\"https:\/\/mmi-tarbes.fr\/guillaume_portfolio\/a-propos\/\",\"url\":\"https:\/\/mmi-tarbes.fr\/guillaume_portfolio\/a-propos\/\",\"name\":\"\u00c0 propos - Guillaume Portfolio\",\"isPartOf\":{\"@id\":\"https:\/\/mmi-tarbes.fr\/guillaume_portfolio\/#website\"},\"primaryImageOfPage\":{\"@id\":\"https:\/\/mmi-tarbes.fr\/guillaume_portfolio\/a-propos\/#primaryimage\"},\"image\":{\"@id\":\"https:\/\/mmi-tarbes.fr\/guillaume_portfolio\/a-propos\/#primaryimage\"},\"thumbnailUrl\":\"https:\/\/mmi-tarbes.fr\/guillaume_portfolio\/wp-content\/uploads\/elementor\/thumbs\/MG_1247-1-qwkedk0882t9iq0cbuzz1y77ql12aveurkbcb47pec.jpg\",\"datePublished\":\"2024-09-13T13:13:24+00:00\",\"dateModified\":\"2025-01-19T15:02:58+00:00\",\"breadcrumb\":{\"@id\":\"https:\/\/mmi-tarbes.fr\/guillaume_portfolio\/a-propos\/#breadcrumb\"},\"inLanguage\":\"fr-FR\",\"potentialAction\":[{\"@type\":\"ReadAction\",\"target\":[\"https:\/\/mmi-tarbes.fr\/guillaume_portfolio\/a-propos\/\"]}]},{\"@type\":\"ImageObject\",\"inLanguage\":\"fr-FR\",\"@id\":\"https:\/\/mmi-tarbes.fr\/guillaume_portfolio\/a-propos\/#primaryimage\",\"url\":\"https:\/\/mmi-tarbes.fr\/guillaume_portfolio\/wp-content\/uploads\/elementor\/thumbs\/MG_1247-1-qwkedk0882t9iq0cbuzz1y77ql12aveurkbcb47pec.jpg\",\"contentUrl\":\"https:\/\/mmi-tarbes.fr\/guillaume_portfolio\/wp-content\/uploads\/elementor\/thumbs\/MG_1247-1-qwkedk0882t9iq0cbuzz1y77ql12aveurkbcb47pec.jpg\"},{\"@type\":\"BreadcrumbList\",\"@id\":\"https:\/\/mmi-tarbes.fr\/guillaume_portfolio\/a-propos\/#breadcrumb\",\"itemListElement\":[{\"@type\":\"ListItem\",\"position\":1,\"name\":\"Accueil\",\"item\":\"https:\/\/mmi-tarbes.fr\/guillaume_portfolio\/\"},{\"@type\":\"ListItem\",\"position\":2,\"name\":\"\u00c0 propos\"}]},{\"@type\":\"WebSite\",\"@id\":\"https:\/\/mmi-tarbes.fr\/guillaume_portfolio\/#website\",\"url\":\"https:\/\/mmi-tarbes.fr\/guillaume_portfolio\/\",\"name\":\"Guillaume Portfolio\",\"description\":\"\",\"publisher\":{\"@id\":\"https:\/\/mmi-tarbes.fr\/guillaume_portfolio\/#organization\"},\"potentialAction\":[{\"@type\":\"SearchAction\",\"target\":{\"@type\":\"EntryPoint\",\"urlTemplate\":\"https:\/\/mmi-tarbes.fr\/guillaume_portfolio\/?s={search_term_string}\"},\"query-input\":{\"@type\":\"PropertyValueSpecification\",\"valueRequired\":true,\"valueName\":\"search_term_string\"}}],\"inLanguage\":\"fr-FR\"},{\"@type\":\"Organization\",\"@id\":\"https:\/\/mmi-tarbes.fr\/guillaume_portfolio\/#organization\",\"name\":\"Guillaume Portfolio\",\"url\":\"https:\/\/mmi-tarbes.fr\/guillaume_portfolio\/\",\"logo\":{\"@type\":\"ImageObject\",\"inLanguage\":\"fr-FR\",\"@id\":\"https:\/\/mmi-tarbes.fr\/guillaume_portfolio\/#\/schema\/logo\/image\/\",\"url\":\"https:\/\/mmi-tarbes.fr\/guillaume_portfolio\/wp-content\/uploads\/2024\/09\/logo.png\",\"contentUrl\":\"https:\/\/mmi-tarbes.fr\/guillaume_portfolio\/wp-content\/uploads\/2024\/09\/logo.png\",\"width\":257,\"height\":256,\"caption\":\"Guillaume Portfolio\"},\"image\":{\"@id\":\"https:\/\/mmi-tarbes.fr\/guillaume_portfolio\/#\/schema\/logo\/image\/\"}}]}<\/script>\n<!-- \/ Yoast SEO plugin. -->","yoast_head_json":{"title":"\u00c0 propos - Guillaume Portfolio","robots":{"index":"index","follow":"follow","max-snippet":"max-snippet:-1","max-image-preview":"max-image-preview:large","max-video-preview":"max-video-preview:-1"},"canonical":"https:\/\/mmi-tarbes.fr\/guillaume_portfolio\/a-propos\/","og_locale":"fr_FR","og_type":"article","og_title":"\u00c0 propos - Guillaume Portfolio","og_description":"A PROPOS Je m&rsquo;appelle Guillaume RAYNAUD, \u00e9tudiant en derni\u00e8re ann\u00e9e \/ Fraichement dipl\u00f4m\u00e9 du BUT M\u00e9tiers du Multim\u00e9dia et de l&rsquo;Internet (MMI) \u00e0 l&rsquo;IUT de Tarbes. Ce parcours m&rsquo;a permis de toucher \u00e0 de nombreux aspects du num\u00e9rique \u2013 du graphisme au d\u00e9veloppement web en passant par la communication \u2013 et m&rsquo;a orient\u00e9 vers ce qui me passionne vraiment : le d\u00e9veloppement web. Pendant ces trois ann\u00e9es, j\u2019ai acquis des bases solides en communication mais aussi en refonte de site internet pour une entreprise ou encore la cr\u00e9ation de maquette en respectant UI\/UX afin de cr\u00e9er un site optimale. J\u2019ai eu l\u2019occasion \u00e0 plusieurs reprises de travailler en conditions r\u00e9elles pour une entreprise soit lors de mes stages ou alors lors d\u2019un projet de 3\u00e8me ann\u00e9e. Dans ces projets j\u2019ai pu refaire le plan globale de communication pour eux et proposer ainsi que concevoir une refonte de site internet ce qui m\u2019a fait acqu\u00e9rir de solides comp\u00e9tences.","og_url":"https:\/\/mmi-tarbes.fr\/guillaume_portfolio\/a-propos\/","og_site_name":"Guillaume Portfolio","article_modified_time":"2025-01-19T15:02:58+00:00","og_image":[{"url":"https:\/\/mmi-tarbes.fr\/guillaume_portfolio\/wp-content\/uploads\/elementor\/thumbs\/MG_1247-1-qwkedk0882t9iq0cbuzz1y77ql12aveurkbcb47pec.jpg","type":"","width":"","height":""}],"twitter_card":"summary_large_image","twitter_misc":{"Dur\u00e9e de lecture estim\u00e9e":"1 minute"},"schema":{"@context":"https:\/\/schema.org","@graph":[{"@type":"WebPage","@id":"https:\/\/mmi-tarbes.fr\/guillaume_portfolio\/a-propos\/","url":"https:\/\/mmi-tarbes.fr\/guillaume_portfolio\/a-propos\/","name":"\u00c0 propos - Guillaume Portfolio","isPartOf":{"@id":"https:\/\/mmi-tarbes.fr\/guillaume_portfolio\/#website"},"primaryImageOfPage":{"@id":"https:\/\/mmi-tarbes.fr\/guillaume_portfolio\/a-propos\/#primaryimage"},"image":{"@id":"https:\/\/mmi-tarbes.fr\/guillaume_portfolio\/a-propos\/#primaryimage"},"thumbnailUrl":"https:\/\/mmi-tarbes.fr\/guillaume_portfolio\/wp-content\/uploads\/elementor\/thumbs\/MG_1247-1-qwkedk0882t9iq0cbuzz1y77ql12aveurkbcb47pec.jpg","datePublished":"2024-09-13T13:13:24+00:00","dateModified":"2025-01-19T15:02:58+00:00","breadcrumb":{"@id":"https:\/\/mmi-tarbes.fr\/guillaume_portfolio\/a-propos\/#breadcrumb"},"inLanguage":"fr-FR","potentialAction":[{"@type":"ReadAction","target":["https:\/\/mmi-tarbes.fr\/guillaume_portfolio\/a-propos\/"]}]},{"@type":"ImageObject","inLanguage":"fr-FR","@id":"https:\/\/mmi-tarbes.fr\/guillaume_portfolio\/a-propos\/#primaryimage","url":"https:\/\/mmi-tarbes.fr\/guillaume_portfolio\/wp-content\/uploads\/elementor\/thumbs\/MG_1247-1-qwkedk0882t9iq0cbuzz1y77ql12aveurkbcb47pec.jpg","contentUrl":"https:\/\/mmi-tarbes.fr\/guillaume_portfolio\/wp-content\/uploads\/elementor\/thumbs\/MG_1247-1-qwkedk0882t9iq0cbuzz1y77ql12aveurkbcb47pec.jpg"},{"@type":"BreadcrumbList","@id":"https:\/\/mmi-tarbes.fr\/guillaume_portfolio\/a-propos\/#breadcrumb","itemListElement":[{"@type":"ListItem","position":1,"name":"Accueil","item":"https:\/\/mmi-tarbes.fr\/guillaume_portfolio\/"},{"@type":"ListItem","position":2,"name":"\u00c0 propos"}]},{"@type":"WebSite","@id":"https:\/\/mmi-tarbes.fr\/guillaume_portfolio\/#website","url":"https:\/\/mmi-tarbes.fr\/guillaume_portfolio\/","name":"Guillaume Portfolio","description":"","publisher":{"@id":"https:\/\/mmi-tarbes.fr\/guillaume_portfolio\/#organization"},"potentialAction":[{"@type":"SearchAction","target":{"@type":"EntryPoint","urlTemplate":"https:\/\/mmi-tarbes.fr\/guillaume_portfolio\/?s={search_term_string}"},"query-input":{"@type":"PropertyValueSpecification","valueRequired":true,"valueName":"search_term_string"}}],"inLanguage":"fr-FR"},{"@type":"Organization","@id":"https:\/\/mmi-tarbes.fr\/guillaume_portfolio\/#organization","name":"Guillaume Portfolio","url":"https:\/\/mmi-tarbes.fr\/guillaume_portfolio\/","logo":{"@type":"ImageObject","inLanguage":"fr-FR","@id":"https:\/\/mmi-tarbes.fr\/guillaume_portfolio\/#\/schema\/logo\/image\/","url":"https:\/\/mmi-tarbes.fr\/guillaume_portfolio\/wp-content\/uploads\/2024\/09\/logo.png","contentUrl":"https:\/\/mmi-tarbes.fr\/guillaume_portfolio\/wp-content\/uploads\/2024\/09\/logo.png","width":257,"height":256,"caption":"Guillaume Portfolio"},"image":{"@id":"https:\/\/mmi-tarbes.fr\/guillaume_portfolio\/#\/schema\/logo\/image\/"}}]}},"_links":{"self":[{"href":"https:\/\/mmi-tarbes.fr\/guillaume_portfolio\/wp-json\/wp\/v2\/pages\/81","targetHints":{"allow":["GET"]}}],"collection":[{"href":"https:\/\/mmi-tarbes.fr\/guillaume_portfolio\/wp-json\/wp\/v2\/pages"}],"about":[{"href":"https:\/\/mmi-tarbes.fr\/guillaume_portfolio\/wp-json\/wp\/v2\/types\/page"}],"author":[{"embeddable":true,"href":"https:\/\/mmi-tarbes.fr\/guillaume_portfolio\/wp-json\/wp\/v2\/users\/1"}],"replies":[{"embeddable":true,"href":"https:\/\/mmi-tarbes.fr\/guillaume_portfolio\/wp-json\/wp\/v2\/comments?post=81"}],"version-history":[{"count":68,"href":"https:\/\/mmi-tarbes.fr\/guillaume_portfolio\/wp-json\/wp\/v2\/pages\/81\/revisions"}],"predecessor-version":[{"id":339,"href":"https:\/\/mmi-tarbes.fr\/guillaume_portfolio\/wp-json\/wp\/v2\/pages\/81\/revisions\/339"}],"wp:attachment":[{"href":"https:\/\/mmi-tarbes.fr\/guillaume_portfolio\/wp-json\/wp\/v2\/media?parent=81"}],"curies":[{"name":"wp","href":"https:\/\/api.w.org\/{rel}","templated":true}]}}