{"id":694,"date":"2026-02-25T16:16:49","date_gmt":"2026-02-25T15:16:49","guid":{"rendered":"https:\/\/mmi-tarbes.fr\/TP_STRAT-2025-2026\/Maloungila-Adam\/Site\/?page_id=694"},"modified":"2026-03-11T12:32:54","modified_gmt":"2026-03-11T11:32:54","slug":"packshot","status":"publish","type":"page","link":"https:\/\/mmi-tarbes.fr\/TP_STRAT-2025-2026\/Maloungila-Adam\/Site\/packshot\/","title":{"rendered":"Packshot Photo"},"content":{"rendered":"\t\t<div data-elementor-type=\"wp-page\" data-elementor-id=\"694\" class=\"elementor elementor-694\" data-elementor-post-type=\"page\">\n\t\t\t\t<div class=\"elementor-element elementor-element-aea0b23 e-flex e-con-boxed wpr-particle-no wpr-jarallax-no wpr-parallax-no wpr-sticky-section-no wpr-equal-height-no e-con e-parent\" data-id=\"aea0b23\" data-element_type=\"container\" data-e-type=\"container\">\n\t\t\t\t\t<div class=\"e-con-inner\">\n\t\t\t\t<div class=\"elementor-element elementor-element-ecd3c64 elementor-widget elementor-widget-text-editor\" data-id=\"ecd3c64\" data-element_type=\"widget\" data-e-type=\"widget\" data-widget_type=\"text-editor.default\">\n\t\t\t\t\t\t\t\t\t<h5><em><strong>Ce projet packshot met en lumi\u00e8re le pain \u00e0 travers une direction artistique \u00e9pur\u00e9e et une ambiance soigneusement travaill\u00e9e. L\u2019objectif \u00e9tant de retranscrire son caract\u00e8re artisanal, local et fa\u00e7onn\u00e9 \u00e0 la main. \u00c0 travers le choix des textures, de la lumi\u00e8re et de la mise en sc\u00e8ne, j\u2019ai cherch\u00e9 \u00e0 valoriser l\u2019authenticit\u00e9 du produit et le savoir-faire qui l\u2019entoure<\/strong><\/em><\/h5>\t\t\t\t\t\t\t\t<\/div>\n\t\t\t\t\t<\/div>\n\t\t\t\t<\/div>\n\t\t<div class=\"elementor-element elementor-element-87f499c e-flex e-con-boxed wpr-particle-no wpr-jarallax-no wpr-parallax-no wpr-sticky-section-no wpr-equal-height-no e-con e-parent\" data-id=\"87f499c\" data-element_type=\"container\" data-e-type=\"container\">\n\t\t\t\t\t<div class=\"e-con-inner\">\n\t\t\t\t<div class=\"elementor-element elementor-element-e4960e0 elementor-widget elementor-widget-image\" data-id=\"e4960e0\" data-element_type=\"widget\" data-e-type=\"widget\" data-widget_type=\"image.default\">\n\t\t\t\t\t\t\t\t\t\t\t\t\t\t\t<img fetchpriority=\"high\" decoding=\"async\" width=\"755\" height=\"421\" src=\"https:\/\/mmi-tarbes.fr\/TP_STRAT-2025-2026\/Maloungila-Adam\/Site\/wp-content\/uploads\/2026\/02\/packshotensemble.png\" class=\"attachment-large size-large wp-image-703\" alt=\"\" srcset=\"https:\/\/mmi-tarbes.fr\/TP_STRAT-2025-2026\/Maloungila-Adam\/Site\/wp-content\/uploads\/2026\/02\/packshotensemble.png 755w, https:\/\/mmi-tarbes.fr\/TP_STRAT-2025-2026\/Maloungila-Adam\/Site\/wp-content\/uploads\/2026\/02\/packshotensemble-300x167.png 300w, https:\/\/mmi-tarbes.fr\/TP_STRAT-2025-2026\/Maloungila-Adam\/Site\/wp-content\/uploads\/2026\/02\/packshotensemble-500x279.png 500w\" sizes=\"(max-width: 755px) 100vw, 755px\" \/>\t\t\t\t\t\t\t\t\t\t\t\t\t\t\t<\/div>\n\t\t\t\t\t<\/div>\n\t\t\t\t<\/div>\n\t\t<div class=\"elementor-element elementor-element-8c99883 e-flex e-con-boxed wpr-particle-no wpr-jarallax-no wpr-parallax-no wpr-sticky-section-no wpr-equal-height-no e-con e-parent\" data-id=\"8c99883\" data-element_type=\"container\" data-e-type=\"container\">\n\t\t\t\t\t<div class=\"e-con-inner\">\n\t\t\t\t<div class=\"elementor-element elementor-element-ce47844 elementor-widget elementor-widget-image\" data-id=\"ce47844\" data-element_type=\"widget\" data-e-type=\"widget\" data-widget_type=\"image.default\">\n\t\t\t\t\t\t\t\t\t\t\t\t\t\t\t<img decoding=\"async\" width=\"627\" height=\"420\" src=\"https:\/\/mmi-tarbes.fr\/TP_STRAT-2025-2026\/Maloungila-Adam\/Site\/wp-content\/uploads\/2026\/02\/panierepain.png\" class=\"attachment-large size-large wp-image-704\" alt=\"\" srcset=\"https:\/\/mmi-tarbes.fr\/TP_STRAT-2025-2026\/Maloungila-Adam\/Site\/wp-content\/uploads\/2026\/02\/panierepain.png 627w, https:\/\/mmi-tarbes.fr\/TP_STRAT-2025-2026\/Maloungila-Adam\/Site\/wp-content\/uploads\/2026\/02\/panierepain-300x201.png 300w, https:\/\/mmi-tarbes.fr\/TP_STRAT-2025-2026\/Maloungila-Adam\/Site\/wp-content\/uploads\/2026\/02\/panierepain-500x335.png 500w\" sizes=\"(max-width: 627px) 100vw, 627px\" \/>\t\t\t\t\t\t\t\t\t\t\t\t\t\t\t<\/div>\n\t\t\t\t\t<\/div>\n\t\t\t\t<\/div>\n\t\t<div class=\"elementor-element elementor-element-0773ec2 e-flex e-con-boxed wpr-particle-no wpr-jarallax-no wpr-parallax-no wpr-sticky-section-no wpr-equal-height-no e-con e-parent\" data-id=\"0773ec2\" data-element_type=\"container\" data-e-type=\"container\">\n\t\t\t\t\t<div class=\"e-con-inner\">\n\t\t\t\t<div class=\"elementor-element elementor-element-0a10a55 elementor-widget elementor-widget-image\" data-id=\"0a10a55\" data-element_type=\"widget\" data-e-type=\"widget\" data-widget_type=\"image.default\">\n\t\t\t\t\t\t\t\t\t\t\t\t\t\t\t<img decoding=\"async\" width=\"800\" height=\"516\" src=\"https:\/\/mmi-tarbes.fr\/TP_STRAT-2025-2026\/Maloungila-Adam\/Site\/wp-content\/uploads\/2026\/02\/op3modif.png\" class=\"attachment-large size-large wp-image-702\" alt=\"\" srcset=\"https:\/\/mmi-tarbes.fr\/TP_STRAT-2025-2026\/Maloungila-Adam\/Site\/wp-content\/uploads\/2026\/02\/op3modif.png 977w, https:\/\/mmi-tarbes.fr\/TP_STRAT-2025-2026\/Maloungila-Adam\/Site\/wp-content\/uploads\/2026\/02\/op3modif-300x193.png 300w, https:\/\/mmi-tarbes.fr\/TP_STRAT-2025-2026\/Maloungila-Adam\/Site\/wp-content\/uploads\/2026\/02\/op3modif-768x495.png 768w, https:\/\/mmi-tarbes.fr\/TP_STRAT-2025-2026\/Maloungila-Adam\/Site\/wp-content\/uploads\/2026\/02\/op3modif-500x322.png 500w, https:\/\/mmi-tarbes.fr\/TP_STRAT-2025-2026\/Maloungila-Adam\/Site\/wp-content\/uploads\/2026\/02\/op3modif-800x516.png 800w\" sizes=\"(max-width: 800px) 100vw, 800px\" \/>\t\t\t\t\t\t\t\t\t\t\t\t\t\t\t<\/div>\n\t\t\t\t\t<\/div>\n\t\t\t\t<\/div>\n\t\t<div class=\"elementor-element elementor-element-ad645d9 e-flex e-con-boxed wpr-particle-no wpr-jarallax-no wpr-parallax-no wpr-sticky-section-no wpr-equal-height-no e-con e-parent\" data-id=\"ad645d9\" data-element_type=\"container\" data-e-type=\"container\">\n\t\t\t\t\t<div class=\"e-con-inner\">\n\t\t\t\t<div class=\"elementor-element elementor-element-4694ad7 elementor-widget elementor-widget-image\" data-id=\"4694ad7\" data-element_type=\"widget\" data-e-type=\"widget\" data-widget_type=\"image.default\">\n\t\t\t\t\t\t\t\t\t\t\t\t\t\t\t<img loading=\"lazy\" decoding=\"async\" width=\"800\" height=\"529\" src=\"https:\/\/mmi-tarbes.fr\/TP_STRAT-2025-2026\/Maloungila-Adam\/Site\/wp-content\/uploads\/2026\/02\/OP2modif.png\" class=\"attachment-large size-large wp-image-701\" alt=\"\" srcset=\"https:\/\/mmi-tarbes.fr\/TP_STRAT-2025-2026\/Maloungila-Adam\/Site\/wp-content\/uploads\/2026\/02\/OP2modif.png 970w, https:\/\/mmi-tarbes.fr\/TP_STRAT-2025-2026\/Maloungila-Adam\/Site\/wp-content\/uploads\/2026\/02\/OP2modif-300x198.png 300w, https:\/\/mmi-tarbes.fr\/TP_STRAT-2025-2026\/Maloungila-Adam\/Site\/wp-content\/uploads\/2026\/02\/OP2modif-768x508.png 768w, https:\/\/mmi-tarbes.fr\/TP_STRAT-2025-2026\/Maloungila-Adam\/Site\/wp-content\/uploads\/2026\/02\/OP2modif-500x330.png 500w, https:\/\/mmi-tarbes.fr\/TP_STRAT-2025-2026\/Maloungila-Adam\/Site\/wp-content\/uploads\/2026\/02\/OP2modif-800x529.png 800w\" sizes=\"(max-width: 800px) 100vw, 800px\" \/>\t\t\t\t\t\t\t\t\t\t\t\t\t\t\t<\/div>\n\t\t\t\t\t<\/div>\n\t\t\t\t<\/div>\n\t\t<div class=\"elementor-element elementor-element-2c55f65 e-flex e-con-boxed wpr-particle-no wpr-jarallax-no wpr-parallax-no wpr-sticky-section-no wpr-equal-height-no e-con e-parent\" data-id=\"2c55f65\" data-element_type=\"container\" data-e-type=\"container\">\n\t\t\t\t\t<div class=\"e-con-inner\">\n\t\t\t\t<div class=\"elementor-element elementor-element-c969ee7 elementor-widget elementor-widget-image\" data-id=\"c969ee7\" data-element_type=\"widget\" data-e-type=\"widget\" data-widget_type=\"image.default\">\n\t\t\t\t\t\t\t\t\t\t\t\t\t\t\t<img loading=\"lazy\" decoding=\"async\" width=\"800\" height=\"530\" src=\"https:\/\/mmi-tarbes.fr\/TP_STRAT-2025-2026\/Maloungila-Adam\/Site\/wp-content\/uploads\/2026\/02\/pain1modif.png\" class=\"attachment-large size-large wp-image-696\" alt=\"\" srcset=\"https:\/\/mmi-tarbes.fr\/TP_STRAT-2025-2026\/Maloungila-Adam\/Site\/wp-content\/uploads\/2026\/02\/pain1modif.png 970w, https:\/\/mmi-tarbes.fr\/TP_STRAT-2025-2026\/Maloungila-Adam\/Site\/wp-content\/uploads\/2026\/02\/pain1modif-300x199.png 300w, https:\/\/mmi-tarbes.fr\/TP_STRAT-2025-2026\/Maloungila-Adam\/Site\/wp-content\/uploads\/2026\/02\/pain1modif-768x509.png 768w, https:\/\/mmi-tarbes.fr\/TP_STRAT-2025-2026\/Maloungila-Adam\/Site\/wp-content\/uploads\/2026\/02\/pain1modif-500x331.png 500w, https:\/\/mmi-tarbes.fr\/TP_STRAT-2025-2026\/Maloungila-Adam\/Site\/wp-content\/uploads\/2026\/02\/pain1modif-800x530.png 800w\" sizes=\"(max-width: 800px) 100vw, 800px\" \/>\t\t\t\t\t\t\t\t\t\t\t\t\t\t\t<\/div>\n\t\t\t\t\t<\/div>\n\t\t\t\t<\/div>\n\t\t<div class=\"elementor-element elementor-element-b5532a3 e-flex e-con-boxed wpr-particle-no wpr-jarallax-no wpr-parallax-no wpr-sticky-section-no wpr-equal-height-no e-con e-parent\" data-id=\"b5532a3\" data-element_type=\"container\" data-e-type=\"container\">\n\t\t\t\t\t<div class=\"e-con-inner\">\n\t\t\t\t<div class=\"elementor-element elementor-element-403aac3 elementor-widget elementor-widget-text-editor\" data-id=\"403aac3\" data-element_type=\"widget\" data-e-type=\"widget\" data-widget_type=\"text-editor.default\">\n\t\t\t\t\t\t\t\t\t<h5 data-start=\"45\" data-end=\"131\"><em><strong>Au cours de ce projet, tout comme pour le premier, j\u2019ai pu d\u00e9velopper ma cr\u00e9ativit\u00e9.<\/strong><\/em><\/h5><h5 data-start=\"133\" data-end=\"223\"><em><strong>J\u2019ai appris \u00e0 mettre en valeur un sujet et \u00e0 le faire vivre \u00e0 travers mes photographies.<\/strong><\/em><\/h5><h5 data-start=\"225\" data-end=\"331\"><em><strong>La confrontation des id\u00e9es afin d\u2019aboutir \u00e0 un rendu final satisfaisant a \u00e9galement \u00e9t\u00e9 tr\u00e8s formatrice.<\/strong><\/em><\/h5>\t\t\t\t\t\t\t\t<\/div>\n\t\t\t\t\t<\/div>\n\t\t\t\t<\/div>\n\t\t\t\t<\/div>\n\t\t","protected":false},"excerpt":{"rendered":"<p>Ce projet packshot met en lumi\u00e8re le pain \u00e0 travers une direction artistique \u00e9pur\u00e9e et une ambiance soigneusement travaill\u00e9e. L\u2019objectif \u00e9tant de retranscrire son caract\u00e8re artisanal, local et fa\u00e7onn\u00e9 \u00e0 la main. \u00c0 travers le choix des textures, de la lumi\u00e8re et de la mise en sc\u00e8ne, j\u2019ai cherch\u00e9 \u00e0 valoriser l\u2019authenticit\u00e9 du produit et le savoir-faire qui l\u2019entoure Au cours de ce projet, tout comme pour le premier, j\u2019ai pu d\u00e9velopper ma cr\u00e9ativit\u00e9. J\u2019ai appris \u00e0 mettre en valeur un sujet et \u00e0 le faire vivre \u00e0 travers mes photographies. La confrontation des id\u00e9es afin d\u2019aboutir \u00e0 un rendu final satisfaisant a \u00e9galement \u00e9t\u00e9 tr\u00e8s formatrice.<\/p>\n","protected":false},"author":1,"featured_media":0,"parent":0,"menu_order":0,"comment_status":"closed","ping_status":"closed","template":"","meta":{"_vp_format_video_url":"","_vp_image_focal_point":[],"footnotes":""},"class_list":["post-694","page","type-page","status-publish","hentry"],"_links":{"self":[{"href":"https:\/\/mmi-tarbes.fr\/TP_STRAT-2025-2026\/Maloungila-Adam\/Site\/wp-json\/wp\/v2\/pages\/694","targetHints":{"allow":["GET"]}}],"collection":[{"href":"https:\/\/mmi-tarbes.fr\/TP_STRAT-2025-2026\/Maloungila-Adam\/Site\/wp-json\/wp\/v2\/pages"}],"about":[{"href":"https:\/\/mmi-tarbes.fr\/TP_STRAT-2025-2026\/Maloungila-Adam\/Site\/wp-json\/wp\/v2\/types\/page"}],"author":[{"embeddable":true,"href":"https:\/\/mmi-tarbes.fr\/TP_STRAT-2025-2026\/Maloungila-Adam\/Site\/wp-json\/wp\/v2\/users\/1"}],"replies":[{"embeddable":true,"href":"https:\/\/mmi-tarbes.fr\/TP_STRAT-2025-2026\/Maloungila-Adam\/Site\/wp-json\/wp\/v2\/comments?post=694"}],"version-history":[{"count":35,"href":"https:\/\/mmi-tarbes.fr\/TP_STRAT-2025-2026\/Maloungila-Adam\/Site\/wp-json\/wp\/v2\/pages\/694\/revisions"}],"predecessor-version":[{"id":881,"href":"https:\/\/mmi-tarbes.fr\/TP_STRAT-2025-2026\/Maloungila-Adam\/Site\/wp-json\/wp\/v2\/pages\/694\/revisions\/881"}],"wp:attachment":[{"href":"https:\/\/mmi-tarbes.fr\/TP_STRAT-2025-2026\/Maloungila-Adam\/Site\/wp-json\/wp\/v2\/media?parent=694"}],"curies":[{"name":"wp","href":"https:\/\/api.w.org\/{rel}","templated":true}]}}

<div data-elementor-type="wp-page" data-elementor-id="694" class="elementor elementor-694" data-elementor-post-type="page">
				<div class="elementor-element elementor-element-aea0b23 e-flex e-con-boxed wpr-particle-no wpr-jarallax-no wpr-parallax-no wpr-sticky-section-no wpr-equal-height-no e-con e-parent" data-id="aea0b23" data-element_type="container" data-e-type="container">
					<div class="e-con-inner">
				<div class="elementor-element elementor-element-ecd3c64 elementor-widget elementor-widget-text-editor" data-id="ecd3c64" data-element_type="widget" data-e-type="widget" data-widget_type="text-editor.default">
									<h5><em><strong>Ce projet packshot met en lumière le pain à travers une direction artistique épurée et une ambiance soigneusement travaillée. L’objectif étant de retranscrire son caractère artisanal, local et façonné à la main. À travers le choix des textures, de la lumière et de la mise en scène, j’ai cherché à valoriser l’authenticité du produit et le savoir-faire qui l’entoure</strong></em></h5>								</div>
					</div>
				</div>
		<div class="elementor-element elementor-element-87f499c e-flex e-con-boxed wpr-particle-no wpr-jarallax-no wpr-parallax-no wpr-sticky-section-no wpr-equal-height-no e-con e-parent" data-id="87f499c" data-element_type="container" data-e-type="container">
					<div class="e-con-inner">
				<div class="elementor-element elementor-element-e4960e0 elementor-widget elementor-widget-image" data-id="e4960e0" data-element_type="widget" data-e-type="widget" data-widget_type="image.default">
															<img fetchpriority="high" decoding="async" width="755" height="421" src="https://mmi-tarbes.fr/TP_STRAT-2025-2026/Maloungila-Adam/Site/wp-content/uploads/2026/02/packshotensemble.png" class="attachment-large size-large wp-image-703" alt="" srcset="https://mmi-tarbes.fr/TP_STRAT-2025-2026/Maloungila-Adam/Site/wp-content/uploads/2026/02/packshotensemble.png 755w, https://mmi-tarbes.fr/TP_STRAT-2025-2026/Maloungila-Adam/Site/wp-content/uploads/2026/02/packshotensemble-300x167.png 300w, https://mmi-tarbes.fr/TP_STRAT-2025-2026/Maloungila-Adam/Site/wp-content/uploads/2026/02/packshotensemble-500x279.png 500w" sizes="(max-width: 755px) 100vw, 755px" />															</div>
					</div>
				</div>
		<div class="elementor-element elementor-element-8c99883 e-flex e-con-boxed wpr-particle-no wpr-jarallax-no wpr-parallax-no wpr-sticky-section-no wpr-equal-height-no e-con e-parent" data-id="8c99883" data-element_type="container" data-e-type="container">
					<div class="e-con-inner">
				<div class="elementor-element elementor-element-ce47844 elementor-widget elementor-widget-image" data-id="ce47844" data-element_type="widget" data-e-type="widget" data-widget_type="image.default">
															<img decoding="async" width="627" height="420" src="https://mmi-tarbes.fr/TP_STRAT-2025-2026/Maloungila-Adam/Site/wp-content/uploads/2026/02/panierepain.png" class="attachment-large size-large wp-image-704" alt="" srcset="https://mmi-tarbes.fr/TP_STRAT-2025-2026/Maloungila-Adam/Site/wp-content/uploads/2026/02/panierepain.png 627w, https://mmi-tarbes.fr/TP_STRAT-2025-2026/Maloungila-Adam/Site/wp-content/uploads/2026/02/panierepain-300x201.png 300w, https://mmi-tarbes.fr/TP_STRAT-2025-2026/Maloungila-Adam/Site/wp-content/uploads/2026/02/panierepain-500x335.png 500w" sizes="(max-width: 627px) 100vw, 627px" />															</div>
					</div>
				</div>
		<div class="elementor-element elementor-element-0773ec2 e-flex e-con-boxed wpr-particle-no wpr-jarallax-no wpr-parallax-no wpr-sticky-section-no wpr-equal-height-no e-con e-parent" data-id="0773ec2" data-element_type="container" data-e-type="container">
					<div class="e-con-inner">
				<div class="elementor-element elementor-element-0a10a55 elementor-widget elementor-widget-image" data-id="0a10a55" data-element_type="widget" data-e-type="widget" data-widget_type="image.default">
															<img decoding="async" width="800" height="516" src="https://mmi-tarbes.fr/TP_STRAT-2025-2026/Maloungila-Adam/Site/wp-content/uploads/2026/02/op3modif.png" class="attachment-large size-large wp-image-702" alt="" srcset="https://mmi-tarbes.fr/TP_STRAT-2025-2026/Maloungila-Adam/Site/wp-content/uploads/2026/02/op3modif.png 977w, https://mmi-tarbes.fr/TP_STRAT-2025-2026/Maloungila-Adam/Site/wp-content/uploads/2026/02/op3modif-300x193.png 300w, https://mmi-tarbes.fr/TP_STRAT-2025-2026/Maloungila-Adam/Site/wp-content/uploads/2026/02/op3modif-768x495.png 768w, https://mmi-tarbes.fr/TP_STRAT-2025-2026/Maloungila-Adam/Site/wp-content/uploads/2026/02/op3modif-500x322.png 500w, https://mmi-tarbes.fr/TP_STRAT-2025-2026/Maloungila-Adam/Site/wp-content/uploads/2026/02/op3modif-800x516.png 800w" sizes="(max-width: 800px) 100vw, 800px" />															</div>
					</div>
				</div>
		<div class="elementor-element elementor-element-ad645d9 e-flex e-con-boxed wpr-particle-no wpr-jarallax-no wpr-parallax-no wpr-sticky-section-no wpr-equal-height-no e-con e-parent" data-id="ad645d9" data-element_type="container" data-e-type="container">
					<div class="e-con-inner">
				<div class="elementor-element elementor-element-4694ad7 elementor-widget elementor-widget-image" data-id="4694ad7" data-element_type="widget" data-e-type="widget" data-widget_type="image.default">
															<img loading="lazy" decoding="async" width="800" height="529" src="https://mmi-tarbes.fr/TP_STRAT-2025-2026/Maloungila-Adam/Site/wp-content/uploads/2026/02/OP2modif.png" class="attachment-large size-large wp-image-701" alt="" srcset="https://mmi-tarbes.fr/TP_STRAT-2025-2026/Maloungila-Adam/Site/wp-content/uploads/2026/02/OP2modif.png 970w, https://mmi-tarbes.fr/TP_STRAT-2025-2026/Maloungila-Adam/Site/wp-content/uploads/2026/02/OP2modif-300x198.png 300w, https://mmi-tarbes.fr/TP_STRAT-2025-2026/Maloungila-Adam/Site/wp-content/uploads/2026/02/OP2modif-768x508.png 768w, https://mmi-tarbes.fr/TP_STRAT-2025-2026/Maloungila-Adam/Site/wp-content/uploads/2026/02/OP2modif-500x330.png 500w, https://mmi-tarbes.fr/TP_STRAT-2025-2026/Maloungila-Adam/Site/wp-content/uploads/2026/02/OP2modif-800x529.png 800w" sizes="(max-width: 800px) 100vw, 800px" />															</div>
					</div>
				</div>
		<div class="elementor-element elementor-element-2c55f65 e-flex e-con-boxed wpr-particle-no wpr-jarallax-no wpr-parallax-no wpr-sticky-section-no wpr-equal-height-no e-con e-parent" data-id="2c55f65" data-element_type="container" data-e-type="container">
					<div class="e-con-inner">
				<div class="elementor-element elementor-element-c969ee7 elementor-widget elementor-widget-image" data-id="c969ee7" data-element_type="widget" data-e-type="widget" data-widget_type="image.default">
															<img loading="lazy" decoding="async" width="800" height="530" src="https://mmi-tarbes.fr/TP_STRAT-2025-2026/Maloungila-Adam/Site/wp-content/uploads/2026/02/pain1modif.png" class="attachment-large size-large wp-image-696" alt="" srcset="https://mmi-tarbes.fr/TP_STRAT-2025-2026/Maloungila-Adam/Site/wp-content/uploads/2026/02/pain1modif.png 970w, https://mmi-tarbes.fr/TP_STRAT-2025-2026/Maloungila-Adam/Site/wp-content/uploads/2026/02/pain1modif-300x199.png 300w, https://mmi-tarbes.fr/TP_STRAT-2025-2026/Maloungila-Adam/Site/wp-content/uploads/2026/02/pain1modif-768x509.png 768w, https://mmi-tarbes.fr/TP_STRAT-2025-2026/Maloungila-Adam/Site/wp-content/uploads/2026/02/pain1modif-500x331.png 500w, https://mmi-tarbes.fr/TP_STRAT-2025-2026/Maloungila-Adam/Site/wp-content/uploads/2026/02/pain1modif-800x530.png 800w" sizes="(max-width: 800px) 100vw, 800px" />															</div>
					</div>
				</div>
		<div class="elementor-element elementor-element-b5532a3 e-flex e-con-boxed wpr-particle-no wpr-jarallax-no wpr-parallax-no wpr-sticky-section-no wpr-equal-height-no e-con e-parent" data-id="b5532a3" data-element_type="container" data-e-type="container">
					<div class="e-con-inner">
				<div class="elementor-element elementor-element-403aac3 elementor-widget elementor-widget-text-editor" data-id="403aac3" data-element_type="widget" data-e-type="widget" data-widget_type="text-editor.default">
									<h5 data-start="45" data-end="131"><em><strong>Au cours de ce projet, tout comme pour le premier, j’ai pu développer ma créativité.</strong></em></h5><h5 data-start="133" data-end="223"><em><strong>J’ai appris à mettre en valeur un sujet et à le faire vivre à travers mes photographies.</strong></em></h5><h5 data-start="225" data-end="331"><em><strong>La confrontation des idées afin d’aboutir à un rendu final satisfaisant a également été très formatrice.</strong></em></h5>								</div>
					</div>
				</div>
				</div>

<p>Ce projet packshot met en lumière le pain à travers une direction artistique épurée et une ambiance soigneusement travaillée. L’objectif étant de retranscrire son caractère artisanal, local et façonné à la main. À travers le choix des textures, de la lumière et de la mise en scène, j’ai cherché à valoriser l’authenticité du produit et le savoir-faire qui l’entoure Au cours de ce projet, tout comme pour le premier, j’ai pu développer ma créativité. J’ai appris à mettre en valeur un sujet et à le faire vivre à travers mes photographies. La confrontation des idées afin d’aboutir à un rendu final satisfaisant a également été très formatrice.</p>
