{"id":647,"date":"2026-02-25T10:36:34","date_gmt":"2026-02-25T09:36:34","guid":{"rendered":"https:\/\/mmi-tarbes.fr\/TP_STRAT-2025-2026\/Maloungila-Adam\/Site\/?page_id=647"},"modified":"2026-03-11T12:28:44","modified_gmt":"2026-03-11T11:28:44","slug":"photo-studio","status":"publish","type":"page","link":"https:\/\/mmi-tarbes.fr\/TP_STRAT-2025-2026\/Maloungila-Adam\/Site\/photo-studio\/","title":{"rendered":"photo studio"},"content":{"rendered":"\t\t<div data-elementor-type=\"wp-page\" data-elementor-id=\"647\" class=\"elementor elementor-647\" data-elementor-post-type=\"page\">\n\t\t\t\t<div class=\"elementor-element elementor-element-dddcfaa e-flex e-con-boxed wpr-particle-no wpr-jarallax-no wpr-parallax-no wpr-sticky-section-no wpr-equal-height-no e-con e-parent\" data-id=\"dddcfaa\" data-element_type=\"container\" data-e-type=\"container\">\n\t\t\t\t\t<div class=\"e-con-inner\">\n\t\t\t\t<div class=\"elementor-element elementor-element-e152e27 elementor-widget elementor-widget-text-editor\" data-id=\"e152e27\" data-element_type=\"widget\" data-e-type=\"widget\" data-widget_type=\"text-editor.default\">\n\t\t\t\t\t\t\t\t\t<h5 data-start=\"45\" data-end=\"120\"><em><strong>Ce projet comportait deux parties, dont une consacr\u00e9e au book individuel.<\/strong><\/em><\/h5><h5 data-start=\"122\" data-end=\"370\"><em><strong>Ici, il s\u2019agit du book photo individuel. L\u2019objectif \u00e9tait de partir d\u2019un moodboard et d\u2019en retranscrire au mieux l\u2019atmosph\u00e8re. Il fallait cr\u00e9er une ambiance coh\u00e9rente, laisser parler sa cr\u00e9ativit\u00e9 et capturer ces instants en studio professionnel.<\/strong><\/em><\/h5>\t\t\t\t\t\t\t\t<\/div>\n\t\t\t\t\t<\/div>\n\t\t\t\t<\/div>\n\t\t<div class=\"elementor-element elementor-element-6a2cd72 e-flex e-con-boxed wpr-particle-no wpr-jarallax-no wpr-parallax-no wpr-sticky-section-no wpr-equal-height-no e-con e-parent\" data-id=\"6a2cd72\" data-element_type=\"container\" data-e-type=\"container\">\n\t\t\t\t\t<div class=\"e-con-inner\">\n\t\t\t\t<div class=\"elementor-element elementor-element-65c4dff elementor-widget elementor-widget-image\" data-id=\"65c4dff\" data-element_type=\"widget\" data-e-type=\"widget\" data-widget_type=\"image.default\">\n\t\t\t\t\t\t\t\t\t\t\t\t\t\t\t<img fetchpriority=\"high\" decoding=\"async\" width=\"683\" height=\"1024\" src=\"https:\/\/mmi-tarbes.fr\/TP_STRAT-2025-2026\/Maloungila-Adam\/Site\/wp-content\/uploads\/2026\/02\/adamwhitenoir-3-1-683x1024.jpg\" class=\"attachment-large size-large wp-image-662\" alt=\"\" srcset=\"https:\/\/mmi-tarbes.fr\/TP_STRAT-2025-2026\/Maloungila-Adam\/Site\/wp-content\/uploads\/2026\/02\/adamwhitenoir-3-1-683x1024.jpg 683w, https:\/\/mmi-tarbes.fr\/TP_STRAT-2025-2026\/Maloungila-Adam\/Site\/wp-content\/uploads\/2026\/02\/adamwhitenoir-3-1-200x300.jpg 200w, https:\/\/mmi-tarbes.fr\/TP_STRAT-2025-2026\/Maloungila-Adam\/Site\/wp-content\/uploads\/2026\/02\/adamwhitenoir-3-1-768x1151.jpg 768w, https:\/\/mmi-tarbes.fr\/TP_STRAT-2025-2026\/Maloungila-Adam\/Site\/wp-content\/uploads\/2026\/02\/adamwhitenoir-3-1-1025x1536.jpg 1025w, https:\/\/mmi-tarbes.fr\/TP_STRAT-2025-2026\/Maloungila-Adam\/Site\/wp-content\/uploads\/2026\/02\/adamwhitenoir-3-1-1366x2048.jpg 1366w, https:\/\/mmi-tarbes.fr\/TP_STRAT-2025-2026\/Maloungila-Adam\/Site\/wp-content\/uploads\/2026\/02\/adamwhitenoir-3-1-500x750.jpg 500w, https:\/\/mmi-tarbes.fr\/TP_STRAT-2025-2026\/Maloungila-Adam\/Site\/wp-content\/uploads\/2026\/02\/adamwhitenoir-3-1-800x1199.jpg 800w, https:\/\/mmi-tarbes.fr\/TP_STRAT-2025-2026\/Maloungila-Adam\/Site\/wp-content\/uploads\/2026\/02\/adamwhitenoir-3-1-1280x1919.jpg 1280w, https:\/\/mmi-tarbes.fr\/TP_STRAT-2025-2026\/Maloungila-Adam\/Site\/wp-content\/uploads\/2026\/02\/adamwhitenoir-3-1-1920x2879.jpg 1920w, https:\/\/mmi-tarbes.fr\/TP_STRAT-2025-2026\/Maloungila-Adam\/Site\/wp-content\/uploads\/2026\/02\/adamwhitenoir-3-1-scaled.jpg 1708w\" sizes=\"(max-width: 683px) 100vw, 683px\" \/>\t\t\t\t\t\t\t\t\t\t\t\t\t\t\t<\/div>\n\t\t\t\t\t<\/div>\n\t\t\t\t<\/div>\n\t\t<div class=\"elementor-element elementor-element-4f934ed e-flex e-con-boxed wpr-particle-no wpr-jarallax-no wpr-parallax-no wpr-sticky-section-no wpr-equal-height-no e-con e-parent\" data-id=\"4f934ed\" data-element_type=\"container\" data-e-type=\"container\">\n\t\t\t\t\t<div class=\"e-con-inner\">\n\t\t\t\t<div class=\"elementor-element elementor-element-1794609 elementor-widget elementor-widget-wpr-before-after\" data-id=\"1794609\" data-element_type=\"widget\" data-e-type=\"widget\" data-widget_type=\"wpr-before-after.default\">\n\t\t\t\t\t<div class=\"wpr-ba-image-container wpr-ba-horizontal wpr-ba-labels-default\" data-position=\"50\" data-trigger=\"drag\"><div class=\"wpr-ba-image-1\"><img decoding=\"async\" src=\"https:\/\/mmi-tarbes.fr\/TP_STRAT-2025-2026\/Maloungila-Adam\/Site\/wp-content\/uploads\/2026\/02\/classic-version-scaled.jpg\"><\/div><div class=\"wpr-ba-image-2\"><img decoding=\"async\" src=\"https:\/\/mmi-tarbes.fr\/TP_STRAT-2025-2026\/Maloungila-Adam\/Site\/wp-content\/uploads\/2026\/02\/retouche-scaled.jpg\"><\/div><div class=\"wpr-ba-divider\"><div class=\"wpr-ba-divider-icons\"><i class=\"fa fa-angle-left\"><\/i><i class=\"fa fa-angle-right\"><\/i><\/div><\/div><div class=\"wpr-ba-label wpr-ba-label-1\"><div>Avant<\/div><\/div><div class=\"wpr-ba-label wpr-ba-label-2\"><div>Apr\u00e8s<\/div><\/div><\/div>\t\t\t\t<\/div>\n\t\t\t\t\t<\/div>\n\t\t\t\t<\/div>\n\t\t<div class=\"elementor-element elementor-element-5a26162 e-flex e-con-boxed wpr-particle-no wpr-jarallax-no wpr-parallax-no wpr-sticky-section-no wpr-equal-height-no e-con e-parent\" data-id=\"5a26162\" data-element_type=\"container\" data-e-type=\"container\">\n\t\t\t\t\t<div class=\"e-con-inner\">\n\t\t\t\t<div class=\"elementor-element elementor-element-5e3cd72 elementor-widget elementor-widget-wpr-before-after\" data-id=\"5e3cd72\" data-element_type=\"widget\" data-e-type=\"widget\" data-widget_type=\"wpr-before-after.default\">\n\t\t\t\t\t<div class=\"wpr-ba-image-container wpr-ba-horizontal wpr-ba-labels-default\" data-position=\"50\" data-trigger=\"drag\"><div class=\"wpr-ba-image-1\"><img decoding=\"async\" src=\"https:\/\/mmi-tarbes.fr\/TP_STRAT-2025-2026\/Maloungila-Adam\/Site\/wp-content\/uploads\/2026\/02\/adamwhitenoir-11-scaled.jpg\"><\/div><div class=\"wpr-ba-image-2\"><img decoding=\"async\" src=\"https:\/\/mmi-tarbes.fr\/TP_STRAT-2025-2026\/Maloungila-Adam\/Site\/wp-content\/uploads\/2026\/02\/adamwhitenoir-9-scaled.jpg\"><\/div><div class=\"wpr-ba-divider\"><div class=\"wpr-ba-divider-icons\"><i class=\"fa fa-angle-left\"><\/i><i class=\"fa fa-angle-right\"><\/i><\/div><\/div><div class=\"wpr-ba-label wpr-ba-label-1\"><div>Avant<\/div><\/div><div class=\"wpr-ba-label wpr-ba-label-2\"><div>Apr\u00e8s<\/div><\/div><\/div>\t\t\t\t<\/div>\n\t\t\t\t\t<\/div>\n\t\t\t\t<\/div>\n\t\t<div class=\"elementor-element elementor-element-af78bf5 e-flex e-con-boxed wpr-particle-no wpr-jarallax-no wpr-parallax-no wpr-sticky-section-no wpr-equal-height-no e-con e-parent\" data-id=\"af78bf5\" data-element_type=\"container\" data-e-type=\"container\">\n\t\t\t\t\t<div class=\"e-con-inner\">\n\t\t\t\t<div class=\"elementor-element elementor-element-9633612 elementor-widget elementor-widget-image\" data-id=\"9633612\" data-element_type=\"widget\" data-e-type=\"widget\" data-widget_type=\"image.default\">\n\t\t\t\t\t\t\t\t\t\t\t\t\t\t\t<img decoding=\"async\" width=\"683\" height=\"1024\" src=\"https:\/\/mmi-tarbes.fr\/TP_STRAT-2025-2026\/Maloungila-Adam\/Site\/wp-content\/uploads\/2026\/02\/retouche-2-683x1024.jpg\" class=\"attachment-large size-large wp-image-587\" alt=\"\" srcset=\"https:\/\/mmi-tarbes.fr\/TP_STRAT-2025-2026\/Maloungila-Adam\/Site\/wp-content\/uploads\/2026\/02\/retouche-2-683x1024.jpg 683w, https:\/\/mmi-tarbes.fr\/TP_STRAT-2025-2026\/Maloungila-Adam\/Site\/wp-content\/uploads\/2026\/02\/retouche-2-200x300.jpg 200w, https:\/\/mmi-tarbes.fr\/TP_STRAT-2025-2026\/Maloungila-Adam\/Site\/wp-content\/uploads\/2026\/02\/retouche-2-768x1151.jpg 768w, https:\/\/mmi-tarbes.fr\/TP_STRAT-2025-2026\/Maloungila-Adam\/Site\/wp-content\/uploads\/2026\/02\/retouche-2-1025x1536.jpg 1025w, https:\/\/mmi-tarbes.fr\/TP_STRAT-2025-2026\/Maloungila-Adam\/Site\/wp-content\/uploads\/2026\/02\/retouche-2-1366x2048.jpg 1366w, https:\/\/mmi-tarbes.fr\/TP_STRAT-2025-2026\/Maloungila-Adam\/Site\/wp-content\/uploads\/2026\/02\/retouche-2-500x750.jpg 500w, https:\/\/mmi-tarbes.fr\/TP_STRAT-2025-2026\/Maloungila-Adam\/Site\/wp-content\/uploads\/2026\/02\/retouche-2-800x1199.jpg 800w, https:\/\/mmi-tarbes.fr\/TP_STRAT-2025-2026\/Maloungila-Adam\/Site\/wp-content\/uploads\/2026\/02\/retouche-2-1280x1919.jpg 1280w, https:\/\/mmi-tarbes.fr\/TP_STRAT-2025-2026\/Maloungila-Adam\/Site\/wp-content\/uploads\/2026\/02\/retouche-2-1920x2879.jpg 1920w, https:\/\/mmi-tarbes.fr\/TP_STRAT-2025-2026\/Maloungila-Adam\/Site\/wp-content\/uploads\/2026\/02\/retouche-2-scaled.jpg 1708w\" sizes=\"(max-width: 683px) 100vw, 683px\" \/>\t\t\t\t\t\t\t\t\t\t\t\t\t\t\t<\/div>\n\t\t\t\t\t<\/div>\n\t\t\t\t<\/div>\n\t\t<div class=\"elementor-element elementor-element-b823664 e-flex e-con-boxed wpr-particle-no wpr-jarallax-no wpr-parallax-no wpr-sticky-section-no wpr-equal-height-no e-con e-parent\" data-id=\"b823664\" data-element_type=\"container\" data-e-type=\"container\">\n\t\t\t\t\t<div class=\"e-con-inner\">\n\t\t\t\t<div class=\"elementor-element elementor-element-fda876e elementor-widget elementor-widget-text-editor\" data-id=\"fda876e\" data-element_type=\"widget\" data-e-type=\"widget\" data-widget_type=\"text-editor.default\">\n\t\t\t\t\t\t\t\t\t<h5 data-start=\"68\" data-end=\"193\"><em><strong>Au cours de ce projet, j\u2019ai pu d\u00e9velopper mes comp\u00e9tences en photographie et me plonger au c\u0153ur d\u2019un univers professionnel.<\/strong><\/em><\/h5><h5 data-start=\"195\" data-end=\"346\"><em><strong>En effet, j\u2019ai appris \u00e0 positionner les diff\u00e9rentes sources de lumi\u00e8re afin de cr\u00e9er l\u2019ambiance souhait\u00e9e et de transmettre les \u00e9motions recherch\u00e9es.<\/strong><\/em><\/h5><h5 data-start=\"348\" data-end=\"464\"><em><strong>Ma cr\u00e9ativit\u00e9 a \u00e9t\u00e9 mise \u00e0 l\u2019\u00e9preuve tout au long de ce projet, riche en apprentissages techniques et artistiques<\/strong><\/em><\/h5>\t\t\t\t\t\t\t\t<\/div>\n\t\t\t\t\t<\/div>\n\t\t\t\t<\/div>\n\t\t\t\t<\/div>\n\t\t","protected":false},"excerpt":{"rendered":"<p>Ce projet comportait deux parties, dont une consacr\u00e9e au book individuel. Ici, il s\u2019agit du book photo individuel. L\u2019objectif \u00e9tait de partir d\u2019un moodboard et d\u2019en retranscrire au mieux l\u2019atmosph\u00e8re. Il fallait cr\u00e9er une ambiance coh\u00e9rente, laisser parler sa cr\u00e9ativit\u00e9 et capturer ces instants en studio professionnel. AvantApr\u00e8s AvantApr\u00e8s Au cours de ce projet, j\u2019ai pu d\u00e9velopper mes comp\u00e9tences en photographie et me plonger au c\u0153ur d\u2019un univers professionnel. En effet, j\u2019ai appris \u00e0 positionner les diff\u00e9rentes sources de lumi\u00e8re afin de cr\u00e9er l\u2019ambiance souhait\u00e9e et de transmettre les \u00e9motions recherch\u00e9es. Ma cr\u00e9ativit\u00e9 a \u00e9t\u00e9 mise \u00e0 l\u2019\u00e9preuve tout au long de ce projet, riche en apprentissages techniques et artistiques<\/p>\n","protected":false},"author":1,"featured_media":0,"parent":0,"menu_order":0,"comment_status":"closed","ping_status":"closed","template":"","meta":{"_vp_format_video_url":"","_vp_image_focal_point":[],"footnotes":""},"class_list":["post-647","page","type-page","status-publish","hentry"],"_links":{"self":[{"href":"https:\/\/mmi-tarbes.fr\/TP_STRAT-2025-2026\/Maloungila-Adam\/Site\/wp-json\/wp\/v2\/pages\/647","targetHints":{"allow":["GET"]}}],"collection":[{"href":"https:\/\/mmi-tarbes.fr\/TP_STRAT-2025-2026\/Maloungila-Adam\/Site\/wp-json\/wp\/v2\/pages"}],"about":[{"href":"https:\/\/mmi-tarbes.fr\/TP_STRAT-2025-2026\/Maloungila-Adam\/Site\/wp-json\/wp\/v2\/types\/page"}],"author":[{"embeddable":true,"href":"https:\/\/mmi-tarbes.fr\/TP_STRAT-2025-2026\/Maloungila-Adam\/Site\/wp-json\/wp\/v2\/users\/1"}],"replies":[{"embeddable":true,"href":"https:\/\/mmi-tarbes.fr\/TP_STRAT-2025-2026\/Maloungila-Adam\/Site\/wp-json\/wp\/v2\/comments?post=647"}],"version-history":[{"count":38,"href":"https:\/\/mmi-tarbes.fr\/TP_STRAT-2025-2026\/Maloungila-Adam\/Site\/wp-json\/wp\/v2\/pages\/647\/revisions"}],"predecessor-version":[{"id":868,"href":"https:\/\/mmi-tarbes.fr\/TP_STRAT-2025-2026\/Maloungila-Adam\/Site\/wp-json\/wp\/v2\/pages\/647\/revisions\/868"}],"wp:attachment":[{"href":"https:\/\/mmi-tarbes.fr\/TP_STRAT-2025-2026\/Maloungila-Adam\/Site\/wp-json\/wp\/v2\/media?parent=647"}],"curies":[{"name":"wp","href":"https:\/\/api.w.org\/{rel}","templated":true}]}}

<div data-elementor-type="wp-page" data-elementor-id="647" class="elementor elementor-647" data-elementor-post-type="page">
				<div class="elementor-element elementor-element-dddcfaa e-flex e-con-boxed wpr-particle-no wpr-jarallax-no wpr-parallax-no wpr-sticky-section-no wpr-equal-height-no e-con e-parent" data-id="dddcfaa" data-element_type="container" data-e-type="container">
					<div class="e-con-inner">
				<div class="elementor-element elementor-element-e152e27 elementor-widget elementor-widget-text-editor" data-id="e152e27" data-element_type="widget" data-e-type="widget" data-widget_type="text-editor.default">
									<h5 data-start="45" data-end="120"><em><strong>Ce projet comportait deux parties, dont une consacrée au book individuel.</strong></em></h5><h5 data-start="122" data-end="370"><em><strong>Ici, il s’agit du book photo individuel. L’objectif était de partir d’un moodboard et d’en retranscrire au mieux l’atmosphère. Il fallait créer une ambiance cohérente, laisser parler sa créativité et capturer ces instants en studio professionnel.</strong></em></h5>								</div>
					</div>
				</div>
		<div class="elementor-element elementor-element-6a2cd72 e-flex e-con-boxed wpr-particle-no wpr-jarallax-no wpr-parallax-no wpr-sticky-section-no wpr-equal-height-no e-con e-parent" data-id="6a2cd72" data-element_type="container" data-e-type="container">
					<div class="e-con-inner">
				<div class="elementor-element elementor-element-65c4dff elementor-widget elementor-widget-image" data-id="65c4dff" data-element_type="widget" data-e-type="widget" data-widget_type="image.default">
															<img fetchpriority="high" decoding="async" width="683" height="1024" src="https://mmi-tarbes.fr/TP_STRAT-2025-2026/Maloungila-Adam/Site/wp-content/uploads/2026/02/adamwhitenoir-3-1-683x1024.jpg" class="attachment-large size-large wp-image-662" alt="" srcset="https://mmi-tarbes.fr/TP_STRAT-2025-2026/Maloungila-Adam/Site/wp-content/uploads/2026/02/adamwhitenoir-3-1-683x1024.jpg 683w, https://mmi-tarbes.fr/TP_STRAT-2025-2026/Maloungila-Adam/Site/wp-content/uploads/2026/02/adamwhitenoir-3-1-200x300.jpg 200w, https://mmi-tarbes.fr/TP_STRAT-2025-2026/Maloungila-Adam/Site/wp-content/uploads/2026/02/adamwhitenoir-3-1-768x1151.jpg 768w, https://mmi-tarbes.fr/TP_STRAT-2025-2026/Maloungila-Adam/Site/wp-content/uploads/2026/02/adamwhitenoir-3-1-1025x1536.jpg 1025w, https://mmi-tarbes.fr/TP_STRAT-2025-2026/Maloungila-Adam/Site/wp-content/uploads/2026/02/adamwhitenoir-3-1-1366x2048.jpg 1366w, https://mmi-tarbes.fr/TP_STRAT-2025-2026/Maloungila-Adam/Site/wp-content/uploads/2026/02/adamwhitenoir-3-1-500x750.jpg 500w, https://mmi-tarbes.fr/TP_STRAT-2025-2026/Maloungila-Adam/Site/wp-content/uploads/2026/02/adamwhitenoir-3-1-800x1199.jpg 800w, https://mmi-tarbes.fr/TP_STRAT-2025-2026/Maloungila-Adam/Site/wp-content/uploads/2026/02/adamwhitenoir-3-1-1280x1919.jpg 1280w, https://mmi-tarbes.fr/TP_STRAT-2025-2026/Maloungila-Adam/Site/wp-content/uploads/2026/02/adamwhitenoir-3-1-1920x2879.jpg 1920w, https://mmi-tarbes.fr/TP_STRAT-2025-2026/Maloungila-Adam/Site/wp-content/uploads/2026/02/adamwhitenoir-3-1-scaled.jpg 1708w" sizes="(max-width: 683px) 100vw, 683px" />															</div>
					</div>
				</div>
		<div class="elementor-element elementor-element-4f934ed e-flex e-con-boxed wpr-particle-no wpr-jarallax-no wpr-parallax-no wpr-sticky-section-no wpr-equal-height-no e-con e-parent" data-id="4f934ed" data-element_type="container" data-e-type="container">
					<div class="e-con-inner">
				<div class="elementor-element elementor-element-1794609 elementor-widget elementor-widget-wpr-before-after" data-id="1794609" data-element_type="widget" data-e-type="widget" data-widget_type="wpr-before-after.default">
					<div class="wpr-ba-image-container wpr-ba-horizontal wpr-ba-labels-default" data-position="50" data-trigger="drag"><div class="wpr-ba-image-1"><img decoding="async" src="https://mmi-tarbes.fr/TP_STRAT-2025-2026/Maloungila-Adam/Site/wp-content/uploads/2026/02/classic-version-scaled.jpg"></div><div class="wpr-ba-image-2"><img decoding="async" src="https://mmi-tarbes.fr/TP_STRAT-2025-2026/Maloungila-Adam/Site/wp-content/uploads/2026/02/retouche-scaled.jpg"></div><div class="wpr-ba-divider"><div class="wpr-ba-divider-icons"><i class="fa fa-angle-left"></i><i class="fa fa-angle-right"></i></div></div><div class="wpr-ba-label wpr-ba-label-1"><div>Avant</div></div><div class="wpr-ba-label wpr-ba-label-2"><div>Après</div></div></div>				</div>
					</div>
				</div>
		<div class="elementor-element elementor-element-5a26162 e-flex e-con-boxed wpr-particle-no wpr-jarallax-no wpr-parallax-no wpr-sticky-section-no wpr-equal-height-no e-con e-parent" data-id="5a26162" data-element_type="container" data-e-type="container">
					<div class="e-con-inner">
				<div class="elementor-element elementor-element-5e3cd72 elementor-widget elementor-widget-wpr-before-after" data-id="5e3cd72" data-element_type="widget" data-e-type="widget" data-widget_type="wpr-before-after.default">
					<div class="wpr-ba-image-container wpr-ba-horizontal wpr-ba-labels-default" data-position="50" data-trigger="drag"><div class="wpr-ba-image-1"><img decoding="async" src="https://mmi-tarbes.fr/TP_STRAT-2025-2026/Maloungila-Adam/Site/wp-content/uploads/2026/02/adamwhitenoir-11-scaled.jpg"></div><div class="wpr-ba-image-2"><img decoding="async" src="https://mmi-tarbes.fr/TP_STRAT-2025-2026/Maloungila-Adam/Site/wp-content/uploads/2026/02/adamwhitenoir-9-scaled.jpg"></div><div class="wpr-ba-divider"><div class="wpr-ba-divider-icons"><i class="fa fa-angle-left"></i><i class="fa fa-angle-right"></i></div></div><div class="wpr-ba-label wpr-ba-label-1"><div>Avant</div></div><div class="wpr-ba-label wpr-ba-label-2"><div>Après</div></div></div>				</div>
					</div>
				</div>
		<div class="elementor-element elementor-element-af78bf5 e-flex e-con-boxed wpr-particle-no wpr-jarallax-no wpr-parallax-no wpr-sticky-section-no wpr-equal-height-no e-con e-parent" data-id="af78bf5" data-element_type="container" data-e-type="container">
					<div class="e-con-inner">
				<div class="elementor-element elementor-element-9633612 elementor-widget elementor-widget-image" data-id="9633612" data-element_type="widget" data-e-type="widget" data-widget_type="image.default">
															<img decoding="async" width="683" height="1024" src="https://mmi-tarbes.fr/TP_STRAT-2025-2026/Maloungila-Adam/Site/wp-content/uploads/2026/02/retouche-2-683x1024.jpg" class="attachment-large size-large wp-image-587" alt="" srcset="https://mmi-tarbes.fr/TP_STRAT-2025-2026/Maloungila-Adam/Site/wp-content/uploads/2026/02/retouche-2-683x1024.jpg 683w, https://mmi-tarbes.fr/TP_STRAT-2025-2026/Maloungila-Adam/Site/wp-content/uploads/2026/02/retouche-2-200x300.jpg 200w, https://mmi-tarbes.fr/TP_STRAT-2025-2026/Maloungila-Adam/Site/wp-content/uploads/2026/02/retouche-2-768x1151.jpg 768w, https://mmi-tarbes.fr/TP_STRAT-2025-2026/Maloungila-Adam/Site/wp-content/uploads/2026/02/retouche-2-1025x1536.jpg 1025w, https://mmi-tarbes.fr/TP_STRAT-2025-2026/Maloungila-Adam/Site/wp-content/uploads/2026/02/retouche-2-1366x2048.jpg 1366w, https://mmi-tarbes.fr/TP_STRAT-2025-2026/Maloungila-Adam/Site/wp-content/uploads/2026/02/retouche-2-500x750.jpg 500w, https://mmi-tarbes.fr/TP_STRAT-2025-2026/Maloungila-Adam/Site/wp-content/uploads/2026/02/retouche-2-800x1199.jpg 800w, https://mmi-tarbes.fr/TP_STRAT-2025-2026/Maloungila-Adam/Site/wp-content/uploads/2026/02/retouche-2-1280x1919.jpg 1280w, https://mmi-tarbes.fr/TP_STRAT-2025-2026/Maloungila-Adam/Site/wp-content/uploads/2026/02/retouche-2-1920x2879.jpg 1920w, https://mmi-tarbes.fr/TP_STRAT-2025-2026/Maloungila-Adam/Site/wp-content/uploads/2026/02/retouche-2-scaled.jpg 1708w" sizes="(max-width: 683px) 100vw, 683px" />															</div>
					</div>
				</div>
		<div class="elementor-element elementor-element-b823664 e-flex e-con-boxed wpr-particle-no wpr-jarallax-no wpr-parallax-no wpr-sticky-section-no wpr-equal-height-no e-con e-parent" data-id="b823664" data-element_type="container" data-e-type="container">
					<div class="e-con-inner">
				<div class="elementor-element elementor-element-fda876e elementor-widget elementor-widget-text-editor" data-id="fda876e" data-element_type="widget" data-e-type="widget" data-widget_type="text-editor.default">
									<h5 data-start="68" data-end="193"><em><strong>Au cours de ce projet, j’ai pu développer mes compétences en photographie et me plonger au cœur d’un univers professionnel.</strong></em></h5><h5 data-start="195" data-end="346"><em><strong>En effet, j’ai appris à positionner les différentes sources de lumière afin de créer l’ambiance souhaitée et de transmettre les émotions recherchées.</strong></em></h5><h5 data-start="348" data-end="464"><em><strong>Ma créativité a été mise à l’épreuve tout au long de ce projet, riche en apprentissages techniques et artistiques</strong></em></h5>								</div>
					</div>
				</div>
				</div>

<p>Ce projet comportait deux parties, dont une consacrée au book individuel. Ici, il s’agit du book photo individuel. L’objectif était de partir d’un moodboard et d’en retranscrire au mieux l’atmosphère. Il fallait créer une ambiance cohérente, laisser parler sa créativité et capturer ces instants en studio professionnel. AvantAprès AvantAprès Au cours de ce projet, j’ai pu développer mes compétences en photographie et me plonger au cœur d’un univers professionnel. En effet, j’ai appris à positionner les différentes sources de lumière afin de créer l’ambiance souhaitée et de transmettre les émotions recherchées. Ma créativité a été mise à l’épreuve tout au long de ce projet, riche en apprentissages techniques et artistiques</p>
