{"id":36,"date":"2025-10-08T10:26:36","date_gmt":"2025-10-08T08:26:36","guid":{"rendered":"https:\/\/mmi-tarbes.fr\/TP_STRAT-2025-2026\/LAHOUZE%20Elo%C3%AFse\/wordpress\/?page_id=36"},"modified":"2026-02-16T12:12:00","modified_gmt":"2026-02-16T11:12:00","slug":"accueil-2","status":"publish","type":"page","link":"https:\/\/mmi-tarbes.fr\/TP_STRAT-2025-2026\/LAHOUZE%20Elo%C3%AFse\/wordpress\/","title":{"rendered":"Accueil"},"content":{"rendered":"\t\t<div data-elementor-type=\"wp-page\" data-elementor-id=\"36\" class=\"elementor elementor-36\">\n\t\t\t\t<div class=\"elementor-element elementor-element-29d5202 e-con-full e-flex e-con e-parent\" data-id=\"29d5202\" data-element_type=\"container\">\n\t\t\t\t<div class=\"elementor-element elementor-element-ed88e06 elementor-widget__width-inherit elementor-widget elementor-widget-image\" data-id=\"ed88e06\" data-element_type=\"widget\" data-widget_type=\"image.default\">\n\t\t\t\t\t\t\t\t\t\t\t\t\t\t\t<img fetchpriority=\"high\" decoding=\"async\" width=\"1920\" height=\"1080\" src=\"https:\/\/mmi-tarbes.fr\/TP_STRAT-2025-2026\/LAHOUZE%20Elo%C3%AFse\/wordpress\/wp-content\/uploads\/2026\/01\/Portfolio.png\" class=\"attachment-full size-full wp-image-282\" alt=\"\" srcset=\"https:\/\/mmi-tarbes.fr\/TP_STRAT-2025-2026\/LAHOUZE%20Elo%C3%AFse\/wordpress\/wp-content\/uploads\/2026\/01\/Portfolio.png 1920w, https:\/\/mmi-tarbes.fr\/TP_STRAT-2025-2026\/LAHOUZE%20Elo%C3%AFse\/wordpress\/wp-content\/uploads\/2026\/01\/Portfolio-300x169.png 300w, https:\/\/mmi-tarbes.fr\/TP_STRAT-2025-2026\/LAHOUZE%20Elo%C3%AFse\/wordpress\/wp-content\/uploads\/2026\/01\/Portfolio-1024x576.png 1024w, https:\/\/mmi-tarbes.fr\/TP_STRAT-2025-2026\/LAHOUZE%20Elo%C3%AFse\/wordpress\/wp-content\/uploads\/2026\/01\/Portfolio-768x432.png 768w, https:\/\/mmi-tarbes.fr\/TP_STRAT-2025-2026\/LAHOUZE%20Elo%C3%AFse\/wordpress\/wp-content\/uploads\/2026\/01\/Portfolio-1536x864.png 1536w\" sizes=\"(max-width: 1920px) 100vw, 1920px\" \/>\t\t\t\t\t\t\t\t\t\t\t\t\t\t\t<\/div>\n\t\t\t\t<\/div>\n\t\t<div class=\"elementor-element elementor-element-f23a92e e-flex e-con-boxed e-con e-parent\" data-id=\"f23a92e\" data-element_type=\"container\" data-settings=\"{&quot;background_background&quot;:&quot;classic&quot;}\">\n\t\t\t\t\t<div class=\"e-con-inner\">\n\t\t\t\t<div class=\"elementor-element elementor-element-cbfd9e9 elementor-widget elementor-widget-heading\" data-id=\"cbfd9e9\" data-element_type=\"widget\" data-widget_type=\"heading.default\">\n\t\t\t\t\t<h2 class=\"elementor-heading-title elementor-size-default\">DERNIERS PROJETS<\/h2>\t\t\t\t<\/div>\n\t\t<div class=\"elementor-element elementor-element-f625538 e-flex e-con-boxed e-con e-child\" data-id=\"f625538\" data-element_type=\"container\">\n\t\t\t\t\t<div class=\"e-con-inner\">\n\t\t<div class=\"elementor-element elementor-element-01befe4 e-con-full e-flex e-con e-child\" data-id=\"01befe4\" data-element_type=\"container\">\n\t\t\t\t<div class=\"elementor-element elementor-element-0a55acb elementor-widget elementor-widget-image\" data-id=\"0a55acb\" data-element_type=\"widget\" data-widget_type=\"image.default\">\n\t\t\t\t\t\t\t\t\t\t\t\t\t\t\t<img decoding=\"async\" width=\"1707\" height=\"2560\" src=\"https:\/\/mmi-tarbes.fr\/TP_STRAT-2025-2026\/LAHOUZE%20Elo%C3%AFse\/wordpress\/wp-content\/uploads\/2025\/12\/SNY06691-scaled.jpeg\" class=\"elementor-animation-grow attachment-full size-full wp-image-161\" alt=\"\" srcset=\"https:\/\/mmi-tarbes.fr\/TP_STRAT-2025-2026\/LAHOUZE%20Elo%C3%AFse\/wordpress\/wp-content\/uploads\/2025\/12\/SNY06691-scaled.jpeg 1707w, https:\/\/mmi-tarbes.fr\/TP_STRAT-2025-2026\/LAHOUZE%20Elo%C3%AFse\/wordpress\/wp-content\/uploads\/2025\/12\/SNY06691-200x300.jpeg 200w, https:\/\/mmi-tarbes.fr\/TP_STRAT-2025-2026\/LAHOUZE%20Elo%C3%AFse\/wordpress\/wp-content\/uploads\/2025\/12\/SNY06691-683x1024.jpeg 683w, https:\/\/mmi-tarbes.fr\/TP_STRAT-2025-2026\/LAHOUZE%20Elo%C3%AFse\/wordpress\/wp-content\/uploads\/2025\/12\/SNY06691-768x1152.jpeg 768w, https:\/\/mmi-tarbes.fr\/TP_STRAT-2025-2026\/LAHOUZE%20Elo%C3%AFse\/wordpress\/wp-content\/uploads\/2025\/12\/SNY06691-1024x1536.jpeg 1024w, https:\/\/mmi-tarbes.fr\/TP_STRAT-2025-2026\/LAHOUZE%20Elo%C3%AFse\/wordpress\/wp-content\/uploads\/2025\/12\/SNY06691-1365x2048.jpeg 1365w\" sizes=\"(max-width: 1707px) 100vw, 1707px\" \/>\t\t\t\t\t\t\t\t\t\t\t\t\t\t\t<\/div>\n\t\t\t\t<\/div>\n\t\t<div class=\"elementor-element elementor-element-d3bbea4 e-con-full e-flex e-con e-child\" data-id=\"d3bbea4\" data-element_type=\"container\">\n\t\t\t\t<div class=\"elementor-element elementor-element-659d6c3 elementor-widget elementor-widget-image\" data-id=\"659d6c3\" data-element_type=\"widget\" data-widget_type=\"image.default\">\n\t\t\t\t\t\t\t\t\t\t\t\t\t\t\t<img decoding=\"async\" width=\"1706\" height=\"2560\" src=\"https:\/\/mmi-tarbes.fr\/TP_STRAT-2025-2026\/LAHOUZE%20Elo%C3%AFse\/wordpress\/wp-content\/uploads\/2025\/12\/zizou-5-scaled.jpeg\" class=\"elementor-animation-grow attachment-full size-full wp-image-163\" alt=\"\" srcset=\"https:\/\/mmi-tarbes.fr\/TP_STRAT-2025-2026\/LAHOUZE%20Elo%C3%AFse\/wordpress\/wp-content\/uploads\/2025\/12\/zizou-5-scaled.jpeg 1706w, https:\/\/mmi-tarbes.fr\/TP_STRAT-2025-2026\/LAHOUZE%20Elo%C3%AFse\/wordpress\/wp-content\/uploads\/2025\/12\/zizou-5-200x300.jpeg 200w, https:\/\/mmi-tarbes.fr\/TP_STRAT-2025-2026\/LAHOUZE%20Elo%C3%AFse\/wordpress\/wp-content\/uploads\/2025\/12\/zizou-5-683x1024.jpeg 683w, https:\/\/mmi-tarbes.fr\/TP_STRAT-2025-2026\/LAHOUZE%20Elo%C3%AFse\/wordpress\/wp-content\/uploads\/2025\/12\/zizou-5-768x1152.jpeg 768w, https:\/\/mmi-tarbes.fr\/TP_STRAT-2025-2026\/LAHOUZE%20Elo%C3%AFse\/wordpress\/wp-content\/uploads\/2025\/12\/zizou-5-1024x1536.jpeg 1024w, https:\/\/mmi-tarbes.fr\/TP_STRAT-2025-2026\/LAHOUZE%20Elo%C3%AFse\/wordpress\/wp-content\/uploads\/2025\/12\/zizou-5-1365x2048.jpeg 1365w\" sizes=\"(max-width: 1706px) 100vw, 1706px\" \/>\t\t\t\t\t\t\t\t\t\t\t\t\t\t\t<\/div>\n\t\t\t\t<\/div>\n\t\t<div class=\"elementor-element elementor-element-a9d6f25 e-con-full e-flex e-con e-child\" data-id=\"a9d6f25\" data-element_type=\"container\">\n\t\t\t\t<div class=\"elementor-element elementor-element-748e588 elementor-widget elementor-widget-image\" data-id=\"748e588\" data-element_type=\"widget\" data-widget_type=\"image.default\">\n\t\t\t\t\t\t\t\t\t\t\t\t\t\t\t<img loading=\"lazy\" decoding=\"async\" width=\"1707\" height=\"2560\" src=\"https:\/\/mmi-tarbes.fr\/TP_STRAT-2025-2026\/LAHOUZE%20Elo%C3%AFse\/wordpress\/wp-content\/uploads\/2025\/12\/DSC03349-scaled.jpeg\" class=\"elementor-animation-grow attachment-full size-full wp-image-162\" alt=\"\" srcset=\"https:\/\/mmi-tarbes.fr\/TP_STRAT-2025-2026\/LAHOUZE%20Elo%C3%AFse\/wordpress\/wp-content\/uploads\/2025\/12\/DSC03349-scaled.jpeg 1707w, https:\/\/mmi-tarbes.fr\/TP_STRAT-2025-2026\/LAHOUZE%20Elo%C3%AFse\/wordpress\/wp-content\/uploads\/2025\/12\/DSC03349-200x300.jpeg 200w, https:\/\/mmi-tarbes.fr\/TP_STRAT-2025-2026\/LAHOUZE%20Elo%C3%AFse\/wordpress\/wp-content\/uploads\/2025\/12\/DSC03349-683x1024.jpeg 683w, https:\/\/mmi-tarbes.fr\/TP_STRAT-2025-2026\/LAHOUZE%20Elo%C3%AFse\/wordpress\/wp-content\/uploads\/2025\/12\/DSC03349-768x1152.jpeg 768w, https:\/\/mmi-tarbes.fr\/TP_STRAT-2025-2026\/LAHOUZE%20Elo%C3%AFse\/wordpress\/wp-content\/uploads\/2025\/12\/DSC03349-1024x1536.jpeg 1024w, https:\/\/mmi-tarbes.fr\/TP_STRAT-2025-2026\/LAHOUZE%20Elo%C3%AFse\/wordpress\/wp-content\/uploads\/2025\/12\/DSC03349-1365x2048.jpeg 1365w\" sizes=\"(max-width: 1707px) 100vw, 1707px\" \/>\t\t\t\t\t\t\t\t\t\t\t\t\t\t\t<\/div>\n\t\t\t\t<\/div>\n\t\t<div class=\"elementor-element elementor-element-7b7c827 e-con-full e-flex e-con e-child\" data-id=\"7b7c827\" data-element_type=\"container\">\n\t\t\t\t<div class=\"elementor-element elementor-element-f5004bf elementor-widget elementor-widget-image\" data-id=\"f5004bf\" data-element_type=\"widget\" data-widget_type=\"image.default\">\n\t\t\t\t\t\t\t\t\t\t\t\t\t\t\t<img loading=\"lazy\" decoding=\"async\" width=\"1810\" height=\"2560\" src=\"https:\/\/mmi-tarbes.fr\/TP_STRAT-2025-2026\/LAHOUZE%20Elo%C3%AFse\/wordpress\/wp-content\/uploads\/2025\/12\/4-scaled.jpg\" class=\"elementor-animation-grow attachment-full size-full wp-image-170\" alt=\"\" srcset=\"https:\/\/mmi-tarbes.fr\/TP_STRAT-2025-2026\/LAHOUZE%20Elo%C3%AFse\/wordpress\/wp-content\/uploads\/2025\/12\/4-scaled.jpg 1810w, https:\/\/mmi-tarbes.fr\/TP_STRAT-2025-2026\/LAHOUZE%20Elo%C3%AFse\/wordpress\/wp-content\/uploads\/2025\/12\/4-212x300.jpg 212w, https:\/\/mmi-tarbes.fr\/TP_STRAT-2025-2026\/LAHOUZE%20Elo%C3%AFse\/wordpress\/wp-content\/uploads\/2025\/12\/4-724x1024.jpg 724w, https:\/\/mmi-tarbes.fr\/TP_STRAT-2025-2026\/LAHOUZE%20Elo%C3%AFse\/wordpress\/wp-content\/uploads\/2025\/12\/4-768x1086.jpg 768w, https:\/\/mmi-tarbes.fr\/TP_STRAT-2025-2026\/LAHOUZE%20Elo%C3%AFse\/wordpress\/wp-content\/uploads\/2025\/12\/4-1086x1536.jpg 1086w, https:\/\/mmi-tarbes.fr\/TP_STRAT-2025-2026\/LAHOUZE%20Elo%C3%AFse\/wordpress\/wp-content\/uploads\/2025\/12\/4-1448x2048.jpg 1448w\" sizes=\"(max-width: 1810px) 100vw, 1810px\" \/>\t\t\t\t\t\t\t\t\t\t\t\t\t\t\t<\/div>\n\t\t\t\t<\/div>\n\t\t\t\t\t<\/div>\n\t\t\t\t<\/div>\n\t\t\t\t\t<\/div>\n\t\t\t\t<\/div>\n\t\t<div class=\"elementor-element elementor-element-a78caea e-flex e-con-boxed e-con e-parent\" data-id=\"a78caea\" data-element_type=\"container\" data-settings=\"{&quot;background_background&quot;:&quot;classic&quot;}\">\n\t\t\t\t\t<div class=\"e-con-inner\">\n\t\t<div class=\"elementor-element elementor-element-b580fc5 e-con-full e-flex e-con e-child\" data-id=\"b580fc5\" data-element_type=\"container\">\n\t\t\t\t<\/div>\n\t\t<div class=\"elementor-element elementor-element-ddfddb2 e-con-full e-flex e-con e-child\" data-id=\"ddfddb2\" data-element_type=\"container\">\n\t\t\t\t<\/div>\n\t\t<div class=\"elementor-element elementor-element-db8516f e-con-full e-flex e-con e-child\" data-id=\"db8516f\" data-element_type=\"container\">\n\t\t\t\t<\/div>\n\t\t<div class=\"elementor-element elementor-element-5dc7bff e-con-full e-flex e-con e-child\" data-id=\"5dc7bff\" data-element_type=\"container\">\n\t\t\t\t<\/div>\n\t\t\t\t\t<\/div>\n\t\t\t\t<\/div>\n\t\t<div class=\"elementor-element elementor-element-9902597 e-flex e-con-boxed e-con e-parent\" data-id=\"9902597\" data-element_type=\"container\" data-settings=\"{&quot;background_background&quot;:&quot;classic&quot;}\">\n\t\t\t\t\t<div class=\"e-con-inner\">\n\t\t<div class=\"elementor-element elementor-element-86d7b19 e-con-full e-flex e-con e-child\" data-id=\"86d7b19\" data-element_type=\"container\">\n\t\t\t\t<div class=\"elementor-element elementor-element-969eeed elementor-widget elementor-widget-heading\" data-id=\"969eeed\" data-element_type=\"widget\" data-widget_type=\"heading.default\">\n\t\t\t\t\t<h2 class=\"elementor-heading-title elementor-size-default\">INTERVIEW WORLD CAF\u00c9 IA<\/h2>\t\t\t\t<\/div>\n\t\t\t\t<\/div>\n\t\t<div class=\"elementor-element elementor-element-48fd313 e-con-full e-flex e-con e-child\" data-id=\"48fd313\" data-element_type=\"container\">\n\t\t\t\t<div class=\"elementor-element elementor-element-3eaeb7e elementor-widget elementor-widget-heading\" data-id=\"3eaeb7e\" data-element_type=\"widget\" data-widget_type=\"heading.default\">\n\t\t\t\t\t<h2 class=\"elementor-heading-title elementor-size-default\">SHOOTING ZIDANE<\/h2>\t\t\t\t<\/div>\n\t\t\t\t<\/div>\n\t\t<div class=\"elementor-element elementor-element-8a32bf8 e-con-full e-flex e-con e-child\" data-id=\"8a32bf8\" data-element_type=\"container\">\n\t\t\t\t<div class=\"elementor-element elementor-element-de6fefb elementor-widget elementor-widget-heading\" data-id=\"de6fefb\" data-element_type=\"widget\" data-widget_type=\"heading.default\">\n\t\t\t\t\t<h2 class=\"elementor-heading-title elementor-size-default\">PHOTOGRAPHIE DE CONCERT<\/h2>\t\t\t\t<\/div>\n\t\t\t\t<\/div>\n\t\t<div class=\"elementor-element elementor-element-5f5a47a e-con-full e-flex e-con e-child\" data-id=\"5f5a47a\" data-element_type=\"container\">\n\t\t\t\t<div class=\"elementor-element elementor-element-74a831d elementor-widget elementor-widget-heading\" data-id=\"74a831d\" data-element_type=\"widget\" data-widget_type=\"heading.default\">\n\t\t\t\t\t<h2 class=\"elementor-heading-title elementor-size-default\">CONCOURS BEAUT\u00c9 COIFFURE<\/h2>\t\t\t\t<\/div>\n\t\t\t\t<\/div>\n\t\t\t\t\t<\/div>\n\t\t\t\t<\/div>\n\t\t<div class=\"elementor-element elementor-element-633fc44 e-flex e-con-boxed e-con e-parent\" data-id=\"633fc44\" data-element_type=\"container\">\n\t\t\t\t\t<div class=\"e-con-inner\">\n\t\t\t\t\t<\/div>\n\t\t\t\t<\/div>\n\t\t<div class=\"elementor-element elementor-element-e6fbb28 e-flex e-con-boxed e-con e-parent\" data-id=\"e6fbb28\" data-element_type=\"container\">\n\t\t\t\t\t<div class=\"e-con-inner\">\n\t\t<div class=\"elementor-element elementor-element-4b79847 e-con-full e-flex e-con e-child\" data-id=\"4b79847\" data-element_type=\"container\">\n\t\t\t\t<div class=\"elementor-element elementor-element-453053f elementor-widget__width-initial elementor-widget elementor-widget-image\" data-id=\"453053f\" data-element_type=\"widget\" data-widget_type=\"image.default\">\n\t\t\t\t\t\t\t\t\t\t\t\t\t\t\t<img loading=\"lazy\" decoding=\"async\" width=\"683\" height=\"1024\" src=\"https:\/\/mmi-tarbes.fr\/TP_STRAT-2025-2026\/LAHOUZE%20Elo%C3%AFse\/wordpress\/wp-content\/uploads\/2025\/12\/mariage-10-683x1024.jpg\" class=\"attachment-large size-large wp-image-177\" alt=\"\" srcset=\"https:\/\/mmi-tarbes.fr\/TP_STRAT-2025-2026\/LAHOUZE%20Elo%C3%AFse\/wordpress\/wp-content\/uploads\/2025\/12\/mariage-10-683x1024.jpg 683w, https:\/\/mmi-tarbes.fr\/TP_STRAT-2025-2026\/LAHOUZE%20Elo%C3%AFse\/wordpress\/wp-content\/uploads\/2025\/12\/mariage-10-200x300.jpg 200w, https:\/\/mmi-tarbes.fr\/TP_STRAT-2025-2026\/LAHOUZE%20Elo%C3%AFse\/wordpress\/wp-content\/uploads\/2025\/12\/mariage-10-768x1152.jpg 768w, https:\/\/mmi-tarbes.fr\/TP_STRAT-2025-2026\/LAHOUZE%20Elo%C3%AFse\/wordpress\/wp-content\/uploads\/2025\/12\/mariage-10-1024x1536.jpg 1024w, https:\/\/mmi-tarbes.fr\/TP_STRAT-2025-2026\/LAHOUZE%20Elo%C3%AFse\/wordpress\/wp-content\/uploads\/2025\/12\/mariage-10-1365x2048.jpg 1365w, https:\/\/mmi-tarbes.fr\/TP_STRAT-2025-2026\/LAHOUZE%20Elo%C3%AFse\/wordpress\/wp-content\/uploads\/2025\/12\/mariage-10-scaled.jpg 1707w\" sizes=\"(max-width: 683px) 100vw, 683px\" \/>\t\t\t\t\t\t\t\t\t\t\t\t\t\t\t<\/div>\n\t\t\t\t<\/div>\n\t\t<div class=\"elementor-element elementor-element-67958e6 e-con-full e-flex e-con e-child\" data-id=\"67958e6\" data-element_type=\"container\">\n\t\t\t\t<div class=\"elementor-element elementor-element-b0ef06e elementor-widget elementor-widget-text-editor\" data-id=\"b0ef06e\" data-element_type=\"widget\" data-widget_type=\"text-editor.default\">\n\t\t\t\t\t\t\t\t\t<p data-start=\"160\" data-end=\"376\">Avec moi, les mariages se vivent <strong data-start=\"193\" data-end=\"208\">sans stress<\/strong>, entre moments vrais, sourires spontan\u00e9s et \u00e9motions sinc\u00e8res.<br data-start=\"271\" data-end=\"274\" \/>J\u2019aime capturer les regards, les rires et tous ces petits instants qui font la magie de votre journ\u00e9e !\u00a0<\/p>\t\t\t\t\t\t\t\t<\/div>\n\t\t\t\t<div class=\"elementor-element elementor-element-750cd1b elementor-widget elementor-widget-image\" data-id=\"750cd1b\" data-element_type=\"widget\" data-widget_type=\"image.default\">\n\t\t\t\t\t\t\t\t\t\t\t\t\t\t\t<img loading=\"lazy\" decoding=\"async\" width=\"748\" height=\"1024\" src=\"https:\/\/mmi-tarbes.fr\/TP_STRAT-2025-2026\/LAHOUZE%20Elo%C3%AFse\/wordpress\/wp-content\/uploads\/2025\/12\/mariage-11-e1770136480259-748x1024.jpg\" class=\"attachment-large size-large wp-image-178\" alt=\"\" srcset=\"https:\/\/mmi-tarbes.fr\/TP_STRAT-2025-2026\/LAHOUZE%20Elo%C3%AFse\/wordpress\/wp-content\/uploads\/2025\/12\/mariage-11-e1770136480259-748x1024.jpg 748w, https:\/\/mmi-tarbes.fr\/TP_STRAT-2025-2026\/LAHOUZE%20Elo%C3%AFse\/wordpress\/wp-content\/uploads\/2025\/12\/mariage-11-e1770136480259-219x300.jpg 219w, https:\/\/mmi-tarbes.fr\/TP_STRAT-2025-2026\/LAHOUZE%20Elo%C3%AFse\/wordpress\/wp-content\/uploads\/2025\/12\/mariage-11-e1770136480259-768x1051.jpg 768w, https:\/\/mmi-tarbes.fr\/TP_STRAT-2025-2026\/LAHOUZE%20Elo%C3%AFse\/wordpress\/wp-content\/uploads\/2025\/12\/mariage-11-e1770136480259-1122x1536.jpg 1122w, https:\/\/mmi-tarbes.fr\/TP_STRAT-2025-2026\/LAHOUZE%20Elo%C3%AFse\/wordpress\/wp-content\/uploads\/2025\/12\/mariage-11-e1770136480259.jpg 1282w\" sizes=\"(max-width: 748px) 100vw, 748px\" \/>\t\t\t\t\t\t\t\t\t\t\t\t\t\t\t<\/div>\n\t\t\t\t<\/div>\n\t\t<div class=\"elementor-element elementor-element-e536388 e-con-full e-flex e-con e-child\" data-id=\"e536388\" data-element_type=\"container\">\n\t\t\t\t<div class=\"elementor-element elementor-element-fb8582d elementor-widget elementor-widget-image\" data-id=\"fb8582d\" data-element_type=\"widget\" data-widget_type=\"image.default\">\n\t\t\t\t\t\t\t\t\t\t\t\t\t\t\t<img loading=\"lazy\" decoding=\"async\" width=\"800\" height=\"947\" src=\"https:\/\/mmi-tarbes.fr\/TP_STRAT-2025-2026\/LAHOUZE%20Elo%C3%AFse\/wordpress\/wp-content\/uploads\/2025\/12\/saian-64-865x1024.jpg\" class=\"attachment-large size-large wp-image-191\" alt=\"\" srcset=\"https:\/\/mmi-tarbes.fr\/TP_STRAT-2025-2026\/LAHOUZE%20Elo%C3%AFse\/wordpress\/wp-content\/uploads\/2025\/12\/saian-64-865x1024.jpg 865w, https:\/\/mmi-tarbes.fr\/TP_STRAT-2025-2026\/LAHOUZE%20Elo%C3%AFse\/wordpress\/wp-content\/uploads\/2025\/12\/saian-64-253x300.jpg 253w, https:\/\/mmi-tarbes.fr\/TP_STRAT-2025-2026\/LAHOUZE%20Elo%C3%AFse\/wordpress\/wp-content\/uploads\/2025\/12\/saian-64-768x909.jpg 768w, https:\/\/mmi-tarbes.fr\/TP_STRAT-2025-2026\/LAHOUZE%20Elo%C3%AFse\/wordpress\/wp-content\/uploads\/2025\/12\/saian-64-1298x1536.jpg 1298w, https:\/\/mmi-tarbes.fr\/TP_STRAT-2025-2026\/LAHOUZE%20Elo%C3%AFse\/wordpress\/wp-content\/uploads\/2025\/12\/saian-64-1730x2048.jpg 1730w\" sizes=\"(max-width: 800px) 100vw, 800px\" \/>\t\t\t\t\t\t\t\t\t\t\t\t\t\t\t<\/div>\n\t\t\t\t<\/div>\n\t\t<div class=\"elementor-element elementor-element-51e658c e-con-full e-flex e-con e-child\" data-id=\"51e658c\" data-element_type=\"container\">\n\t\t\t\t<div class=\"elementor-element elementor-element-9bca652 elementor-widget elementor-widget-text-editor\" data-id=\"9bca652\" data-element_type=\"widget\" data-widget_type=\"text-editor.default\">\n\t\t\t\t\t\t\t\t\t<p>En studio, on garde les choses simples : une ambiance d\u00e9tendue, des \u00e9changes, et surtout <strong data-start=\"210\" data-end=\"235\">vous, comme vous \u00eates<\/strong>.<br data-start=\"236\" data-end=\"239\" \/>Que ce soit pour un portrait, un moment \u00e0 soi ou un projet plus pro, l\u2019id\u00e9e est de cr\u00e9er des images naturelles, sans pression.<\/p>\t\t\t\t\t\t\t\t<\/div>\n\t\t\t\t<div class=\"elementor-element elementor-element-e61a338 elementor-widget elementor-widget-image\" data-id=\"e61a338\" data-element_type=\"widget\" data-widget_type=\"image.default\">\n\t\t\t\t\t\t\t\t\t\t\t\t\t\t\t<img loading=\"lazy\" decoding=\"async\" width=\"711\" height=\"1024\" src=\"https:\/\/mmi-tarbes.fr\/TP_STRAT-2025-2026\/LAHOUZE%20Elo%C3%AFse\/wordpress\/wp-content\/uploads\/2025\/12\/Lena-M-71-scaled-e1770135086555-711x1024.jpg\" class=\"attachment-large size-large wp-image-193\" alt=\"\" srcset=\"https:\/\/mmi-tarbes.fr\/TP_STRAT-2025-2026\/LAHOUZE%20Elo%C3%AFse\/wordpress\/wp-content\/uploads\/2025\/12\/Lena-M-71-scaled-e1770135086555-711x1024.jpg 711w, https:\/\/mmi-tarbes.fr\/TP_STRAT-2025-2026\/LAHOUZE%20Elo%C3%AFse\/wordpress\/wp-content\/uploads\/2025\/12\/Lena-M-71-scaled-e1770135086555-208x300.jpg 208w, https:\/\/mmi-tarbes.fr\/TP_STRAT-2025-2026\/LAHOUZE%20Elo%C3%AFse\/wordpress\/wp-content\/uploads\/2025\/12\/Lena-M-71-scaled-e1770135086555-768x1106.jpg 768w, https:\/\/mmi-tarbes.fr\/TP_STRAT-2025-2026\/LAHOUZE%20Elo%C3%AFse\/wordpress\/wp-content\/uploads\/2025\/12\/Lena-M-71-scaled-e1770135086555-1067x1536.jpg 1067w, https:\/\/mmi-tarbes.fr\/TP_STRAT-2025-2026\/LAHOUZE%20Elo%C3%AFse\/wordpress\/wp-content\/uploads\/2025\/12\/Lena-M-71-scaled-e1770135086555-1422x2048.jpg 1422w, https:\/\/mmi-tarbes.fr\/TP_STRAT-2025-2026\/LAHOUZE%20Elo%C3%AFse\/wordpress\/wp-content\/uploads\/2025\/12\/Lena-M-71-scaled-e1770135086555.jpg 1707w\" sizes=\"(max-width: 711px) 100vw, 711px\" \/>\t\t\t\t\t\t\t\t\t\t\t\t\t\t\t<\/div>\n\t\t\t\t<\/div>\n\t\t\t\t\t<\/div>\n\t\t\t\t<\/div>\n\t\t<div class=\"elementor-element elementor-element-cd7e995 e-con-full e-flex e-con e-parent\" data-id=\"cd7e995\" data-element_type=\"container\">\n\t\t<div class=\"elementor-element elementor-element-64f3b07 e-con-full e-flex e-con e-child\" data-id=\"64f3b07\" data-element_type=\"container\" data-settings=\"{&quot;background_background&quot;:&quot;classic&quot;}\">\n\t\t\t\t<div class=\"elementor-element elementor-element-0ee7036 elementor-widget elementor-widget-heading\" data-id=\"0ee7036\" data-element_type=\"widget\" data-widget_type=\"heading.default\">\n\t\t\t\t\t<h2 class=\"elementor-heading-title elementor-size-default\">FAISONS DE VOS INSTANTS DES SOUVENIRS<\/h2>\t\t\t\t<\/div>\n\t\t\t\t<\/div>\n\t\t\t\t<\/div>\n\t\t\t\t<\/div>\n\t\t\n    <div class=\"xs_social_share_widget xs_share_url after_content \t\tmain_content  wslu-style-1 wslu-share-box-shaped wslu-fill-colored wslu-none wslu-share-horizontal wslu-theme-font-no wslu-main_content\">\n\n\t\t\n        <ul>\n\t\t\t        <\/ul>\n    <\/div> \n","protected":false},"excerpt":{"rendered":"<p>DERNIERS PROJETS INTERVIEW WORLD CAF\u00c9 IA SHOOTING ZIDANE PHOTOGRAPHIE DE CONCERT CONCOURS BEAUT\u00c9 COIFFURE Avec moi, les mariages se vivent sans stress, entre moments vrais, sourires spontan\u00e9s et \u00e9motions sinc\u00e8res.J\u2019aime capturer les regards, les rires et tous ces petits instants qui font la magie de votre journ\u00e9e !\u00a0 En studio, on garde les choses simples [&hellip;]<\/p>\n","protected":false},"author":1,"featured_media":0,"parent":0,"menu_order":0,"comment_status":"closed","ping_status":"closed","template":"","meta":{"postBodyCss":"","postBodyMargin":[],"postBodyPadding":[],"postBodyBackground":{"backgroundType":"classic","gradient":""},"footnotes":""},"class_list":["post-36","page","type-page","status-publish","hentry"],"_links":{"self":[{"href":"https:\/\/mmi-tarbes.fr\/TP_STRAT-2025-2026\/LAHOUZE%20Elo%C3%AFse\/wordpress\/index.php\/wp-json\/wp\/v2\/pages\/36","targetHints":{"allow":["GET"]}}],"collection":[{"href":"https:\/\/mmi-tarbes.fr\/TP_STRAT-2025-2026\/LAHOUZE%20Elo%C3%AFse\/wordpress\/index.php\/wp-json\/wp\/v2\/pages"}],"about":[{"href":"https:\/\/mmi-tarbes.fr\/TP_STRAT-2025-2026\/LAHOUZE%20Elo%C3%AFse\/wordpress\/index.php\/wp-json\/wp\/v2\/types\/page"}],"author":[{"embeddable":true,"href":"https:\/\/mmi-tarbes.fr\/TP_STRAT-2025-2026\/LAHOUZE%20Elo%C3%AFse\/wordpress\/index.php\/wp-json\/wp\/v2\/users\/1"}],"replies":[{"embeddable":true,"href":"https:\/\/mmi-tarbes.fr\/TP_STRAT-2025-2026\/LAHOUZE%20Elo%C3%AFse\/wordpress\/index.php\/wp-json\/wp\/v2\/comments?post=36"}],"version-history":[{"count":89,"href":"https:\/\/mmi-tarbes.fr\/TP_STRAT-2025-2026\/LAHOUZE%20Elo%C3%AFse\/wordpress\/index.php\/wp-json\/wp\/v2\/pages\/36\/revisions"}],"predecessor-version":[{"id":501,"href":"https:\/\/mmi-tarbes.fr\/TP_STRAT-2025-2026\/LAHOUZE%20Elo%C3%AFse\/wordpress\/index.php\/wp-json\/wp\/v2\/pages\/36\/revisions\/501"}],"wp:attachment":[{"href":"https:\/\/mmi-tarbes.fr\/TP_STRAT-2025-2026\/LAHOUZE%20Elo%C3%AFse\/wordpress\/index.php\/wp-json\/wp\/v2\/media?parent=36"}],"curies":[{"name":"wp","href":"https:\/\/api.w.org\/{rel}","templated":true}]}}