
{"id":338,"date":"2023-11-05T17:02:37","date_gmt":"2023-11-05T17:02:37","guid":{"rendered":"http:\/\/localhost:8888\/gridos\/?page_id=39"},"modified":"2025-03-13T11:55:40","modified_gmt":"2025-03-13T10:55:40","slug":"about","status":"publish","type":"page","link":"https:\/\/mmi-tarbes.fr\/RomainPortfolio\/?page_id=338","title":{"rendered":"A propos"},"content":{"rendered":"\t\t<div data-elementor-type=\"wp-page\" data-elementor-id=\"338\" class=\"elementor elementor-338\" data-elementor-post-type=\"page\">\n\t\t\t\t<div class=\"elementor-element elementor-element-915a94a e-con-full e-flex e-con e-parent\" data-id=\"915a94a\" data-element_type=\"container\">\n\t\t\t\t<div class=\"elementor-element elementor-element-56c73b4 elementor-widget elementor-widget-Gridos-Global-Widgets-About-Block\" data-id=\"56c73b4\" data-element_type=\"widget\" data-widget_type=\"Gridos-Global-Widgets-About-Block.default\">\n\t\t\t\t<div class=\"elementor-widget-container\">\n\t\t\t\t\t\t\t\n\t\t<div class=\"about-me\">\n            <div id=\"w-node-e3e05751-2ea1-230e-ac9e-9116c48e2401-846cff30\" class=\"w-layout-layout about-me-2-col wf-layout-layout\">\n                <div id=\"w-node-e3e05751-2ea1-230e-ac9e-9116c48e2402-846cff30\" class=\"w-layout-cell _2-columns\">\n                    <div class=\"about-me-info\">\n                        <h1 class=\"inner-pages-main-title\">Romain Barta<\/h1>\n                        <div class=\"title-blue-line\"><\/div>\n                        <div class=\"about-me-span\">Community Manager Junior<\/div>\n                        <img decoding=\"async\" src=\"https:\/\/mmi-tarbes.fr\/RomainPortfolio\/wp-content\/uploads\/2025\/03\/1704450336777-2.jpeg\" loading=\"lazy\" alt=\"about\" class=\"about-me-img\" \/>\n                    <\/div>\n                <\/div>\n                <div id=\"w-node-e3e05751-2ea1-230e-ac9e-9116c48e2403-846cff30\" class=\"w-layout-cell _2-columns\">\n                    <div class=\"about-me-text\">\n                        <img decoding=\"async\" src=\"https:\/\/mmi-tarbes.fr\/RomainPortfolio\/wp-content\/themes\/gridos\/assets\/images\/circle.png\" loading=\"lazy\" data-w-id=\"e5ad8907-7dd0-6f80-4d27-a0b35591f00f\" alt=\"circle\" class=\"rotating-circle\" \/>\n                        <div class=\"about-me-description\">\n                            JE SUIS ROMAIN BARTA, COMMUNITY MANAGER SP\u00c9CIALIS\u00c9 DANS LE SPORT. J\u2019ACCOMPAGNE LES ATHL\u00c8TES DANS LEUR STRAT\u00c9GIE DIGITALE EN CR\u00c9ANT DU CONTENU IMPACTANT ET EN D\u00c9VELOPPANT LEUR COMMUNAUT\u00c9.                        <\/div>\n                    <\/div>\n                <\/div>\n            <\/div>\n        <\/div>\n    \n    \t\t\t\t<\/div>\n\t\t\t\t<\/div>\n\t\t\t\t<\/div>\n\t\t<div class=\"elementor-element elementor-element-874c459 e-con-full e-flex e-con e-parent\" data-id=\"874c459\" data-element_type=\"container\">\n\t\t\t\t<div class=\"elementor-element elementor-element-a7863ef elementor-widget elementor-widget-Gridos-Global-Widgets-Tools-Block\" data-id=\"a7863ef\" data-element_type=\"widget\" data-widget_type=\"Gridos-Global-Widgets-Tools-Block.default\">\n\t\t\t\t<div class=\"elementor-widget-container\">\n\t\t\t\t\t\t\t<div class=\"space-line\"><\/div>\n\t\t<div class=\"tools\">\n            <h1 class=\"inner-pages-main-title\">Mes comp\u00e9tences<\/h1>\n            <div class=\"title-blue-line\"><\/div>\n            <div class=\"space-line\"><\/div>\n            <div class=\"tools-images\">\n            \t                <div class=\"tools-item\">\n                    <div class=\"tools-item-text\">PHOTOSHOP<\/div>\n                    <img decoding=\"async\" src=\"https:\/\/nunforest.com\/gridos\/wp-content\/uploads\/2024\/01\/photoshop.png\" loading=\"lazy\" alt=\"tool\" class=\"tools-item-image\" \/>\n                <\/div>\n            \t                <div class=\"tools-item\">\n                    <div class=\"tools-item-text\">ILLUSTRATOR<\/div>\n                    <img decoding=\"async\" src=\"https:\/\/nunforest.com\/gridos\/wp-content\/uploads\/2024\/01\/illustrator.png\" loading=\"lazy\" alt=\"tool\" class=\"tools-item-image\" \/>\n                <\/div>\n            \t                <div class=\"tools-item\">\n                    <div class=\"tools-item-text\">PREMI\u00c8RE PRO<\/div>\n                    <img decoding=\"async\" src=\"https:\/\/mmi-tarbes.fr\/RomainPortfolio\/wp-content\/uploads\/2025\/03\/Adobe_Premiere_Pro_CC_icon.svg-2.png\" loading=\"lazy\" alt=\"tool\" class=\"tools-item-image\" \/>\n                <\/div>\n            \t                <div class=\"tools-item\">\n                    <div class=\"tools-item-text\">AFTER EFFECT<\/div>\n                    <img decoding=\"async\" src=\"https:\/\/mmi-tarbes.fr\/RomainPortfolio\/wp-content\/uploads\/2025\/03\/Adobe_After_Effects_CC_icon.svg-2.png\" loading=\"lazy\" alt=\"tool\" class=\"tools-item-image\" \/>\n                <\/div>\n            \t                <div class=\"tools-item\">\n                    <div class=\"tools-item-text\">HTML5<\/div>\n                    <img decoding=\"async\" src=\"https:\/\/nunforest.com\/gridos\/wp-content\/uploads\/2024\/01\/html5.png\" loading=\"lazy\" alt=\"tool\" class=\"tools-item-image\" \/>\n                <\/div>\n            \t                <div class=\"tools-item\">\n                    <div class=\"tools-item-text\">CSS3<\/div>\n                    <img decoding=\"async\" src=\"https:\/\/nunforest.com\/gridos\/wp-content\/uploads\/2024\/01\/css3.png\" loading=\"lazy\" alt=\"tool\" class=\"tools-item-image\" \/>\n                <\/div>\n            \t            <\/div>\n        <\/div>\n    \n    \t\t\t\t<\/div>\n\t\t\t\t<\/div>\n\t\t\t\t<\/div>\n\t\t<div class=\"elementor-element elementor-element-a981720 e-flex e-con-boxed e-con e-parent\" data-id=\"a981720\" data-element_type=\"container\">\n\t\t\t\t\t<div class=\"e-con-inner\">\n\t\t\t\t<div class=\"elementor-element elementor-element-c77fae6 elementor-widget elementor-widget-Gridos-Global-Widgets-Award-Block\" data-id=\"c77fae6\" data-element_type=\"widget\" data-widget_type=\"Gridos-Global-Widgets-Award-Block.default\">\n\t\t\t\t<div class=\"elementor-widget-container\">\n\t\t\t\t\t\n        <div class=\"space-line\"><\/div>\n\n        <div class=\"awards\">\n            <h1 class=\"inner-pages-main-title\">Formations<\/h1>\n            <div class=\"title-blue-line\"><\/div>\n            <div class=\"w-layout-layout awarts-grid wf-layout-layout\">\n            \t                <div class=\"w-layout-cell award-cell\">\n                    <div class=\"award-item\">\n                        <h4 class=\"award-title\">BUT M\u00e9tier du Multim\u00e9dia et de l&#039;Internet<\/h4>\n                        <p class=\"award-text\">\n                            Dipl\u00f4m\u00e9 en M\u00e9tiers du Multim\u00e9dia et de l&#039;Internet, parcours Communication, r\u00e9compensant mon expertise en strat\u00e9gie digitale et cr\u00e9ation de contenu.                         <\/p>\n                        <div class=\"award-year\">2025<\/div>\n                    <\/div>\n                <\/div>\n                                <div class=\"w-layout-cell award-cell\">\n                    <div class=\"award-item\">\n                        <h4 class=\"award-title\">CERTIFICATION RGPD<\/h4>\n                        <p class=\"award-text\">\n                            Certification RGPD, garantissant ma ma\u00eetrise des r\u00e9glementations sur la protection des donn\u00e9es et de la conformit\u00e9 num\u00e9rique.                         <\/p>\n                        <div class=\"award-year\">2025<\/div>\n                    <\/div>\n                <\/div>\n                                <div class=\"w-layout-cell award-cell\">\n                    <div class=\"award-item\">\n                        <h4 class=\"award-title\">PILOTE de drone<\/h4>\n                        <p class=\"award-text\">\n                            Certification de pilote de drone, attestant de mon expertise en pilotage et en captation a\u00e9rienne pour des prises de vue innovantes et dynamiques.                         <\/p>\n                        <div class=\"award-year\">2023<\/div>\n                    <\/div>\n                <\/div>\n                                <div class=\"w-layout-cell award-cell\">\n                    <div class=\"award-item\">\n                        <h4 class=\"award-title\">Baccalaur\u00e9at G\u00e9n\u00e9ral <\/h4>\n                        <p class=\"award-text\">\n                            Dipl\u00f4me de Baccalaur\u00e9at G\u00e9n\u00e9ral en Math\u00e9matiques, Physique et Sciences de l&#039;Ing\u00e9nieur, obtenu avec mention.                        <\/p>\n                        <div class=\"award-year\">2022<\/div>\n                    <\/div>\n                <\/div>\n                            <\/div>\n        <\/div>\n    \n    \t\t\t\t<\/div>\n\t\t\t\t<\/div>\n\t\t\t\t\t<\/div>\n\t\t\t\t<\/div>\n\t\t<div class=\"elementor-element elementor-element-b869d91 e-flex e-con-boxed e-con e-parent\" data-id=\"b869d91\" data-element_type=\"container\">\n\t\t\t\t\t<div class=\"e-con-inner\">\n\t\t\t\t<div class=\"elementor-element elementor-element-e6aaa88 elementor-align-center elementor-widget elementor-widget-button\" data-id=\"e6aaa88\" data-element_type=\"widget\" data-widget_type=\"button.default\">\n\t\t\t\t<div class=\"elementor-widget-container\">\n\t\t\t\t\t\t\t\t\t<div class=\"elementor-button-wrapper\">\n\t\t\t\t\t<a class=\"elementor-button elementor-button-link elementor-size-sm\" href=\"https:\/\/mmi-tarbes.fr\/RomainPortfolio\/wp-content\/uploads\/2025\/03\/cv_RomainBarta.jpg\">\n\t\t\t\t\t\t<span class=\"elementor-button-content-wrapper\">\n\t\t\t\t\t\t\t\t\t<span class=\"elementor-button-text\">Voir mon CV<\/span>\n\t\t\t\t\t<\/span>\n\t\t\t\t\t<\/a>\n\t\t\t\t<\/div>\n\t\t\t\t\t\t\t\t<\/div>\n\t\t\t\t<\/div>\n\t\t\t\t\t<\/div>\n\t\t\t\t<\/div>\n\t\t\t\t<\/div>\n\t\t","protected":false},"excerpt":{"rendered":"<p>Romain Barta Community Manager Junior JE SUIS ROMAIN BARTA, COMMUNITY MANAGER SP\u00c9CIALIS\u00c9 DANS LE SPORT. J\u2019ACCOMPAGNE LES ATHL\u00c8TES DANS LEUR STRAT\u00c9GIE DIGITALE EN CR\u00c9ANT DU CONTENU IMPACTANT ET EN D\u00c9VELOPPANT LEUR COMMUNAUT\u00c9. Mes comp\u00e9tences PHOTOSHOP ILLUSTRATOR PREMI\u00c8RE PRO AFTER EFFECT HTML5 CSS3 Formations BUT M\u00e9tier du Multim\u00e9dia et de l&#039;Internet Dipl\u00f4m\u00e9 en M\u00e9tiers du Multim\u00e9dia <\/p>\n","protected":false},"author":2,"featured_media":0,"parent":0,"menu_order":0,"comment_status":"closed","ping_status":"closed","template":"","meta":{"saved_in_kubio":false,"footnotes":""},"class_list":["post-338","page","type-page","status-publish","hentry"],"kubio_ai_page_context":{"short_desc":"","purpose":"general"},"_links":{"self":[{"href":"https:\/\/mmi-tarbes.fr\/RomainPortfolio\/index.php?rest_route=\/wp\/v2\/pages\/338","targetHints":{"allow":["GET"]}}],"collection":[{"href":"https:\/\/mmi-tarbes.fr\/RomainPortfolio\/index.php?rest_route=\/wp\/v2\/pages"}],"about":[{"href":"https:\/\/mmi-tarbes.fr\/RomainPortfolio\/index.php?rest_route=\/wp\/v2\/types\/page"}],"author":[{"embeddable":true,"href":"https:\/\/mmi-tarbes.fr\/RomainPortfolio\/index.php?rest_route=\/wp\/v2\/users\/2"}],"replies":[{"embeddable":true,"href":"https:\/\/mmi-tarbes.fr\/RomainPortfolio\/index.php?rest_route=%2Fwp%2Fv2%2Fcomments&post=338"}],"version-history":[{"count":8,"href":"https:\/\/mmi-tarbes.fr\/RomainPortfolio\/index.php?rest_route=\/wp\/v2\/pages\/338\/revisions"}],"predecessor-version":[{"id":453,"href":"https:\/\/mmi-tarbes.fr\/RomainPortfolio\/index.php?rest_route=\/wp\/v2\/pages\/338\/revisions\/453"}],"wp:attachment":[{"href":"https:\/\/mmi-tarbes.fr\/RomainPortfolio\/index.php?rest_route=%2Fwp%2Fv2%2Fmedia&parent=338"}],"curies":[{"name":"wp","href":"https:\/\/api.w.org\/{rel}","templated":true}]}}