{"id":300,"date":"2024-12-02T14:01:13","date_gmt":"2024-12-02T13:01:13","guid":{"rendered":"https:\/\/mmi-tarbes.fr\/MaximePortfolio\/?page_id=300"},"modified":"2025-03-04T09:57:14","modified_gmt":"2025-03-04T08:57:14","slug":"pokedex","status":"publish","type":"page","link":"https:\/\/mmi-tarbes.fr\/MaximePortfolio\/pokedex\/","title":{"rendered":"Pok\u00e9dex"},"content":{"rendered":"\t\t<div data-elementor-type=\"wp-page\" data-elementor-id=\"300\" class=\"elementor elementor-300\" data-elementor-post-type=\"page\">\n\t\t\t\t<div class=\"elementor-element elementor-element-6deb02a e-flex e-con-boxed e-con e-parent\" data-id=\"6deb02a\" data-element_type=\"container\" data-e-type=\"container\" data-settings=\"{&quot;background_background&quot;:&quot;classic&quot;}\">\n\t\t\t\t\t<div class=\"e-con-inner\">\n\t\t<div class=\"elementor-element elementor-element-c7bc5a0 e-con-full e-flex e-con e-child\" data-id=\"c7bc5a0\" data-element_type=\"container\" data-e-type=\"container\">\n\t\t\t\t<div class=\"elementor-element elementor-element-02a07ad elementor-widget elementor-widget-image\" data-id=\"02a07ad\" data-element_type=\"widget\" data-e-type=\"widget\" data-widget_type=\"image.default\">\n\t\t\t\t<div class=\"elementor-widget-container\">\n\t\t\t\t\t\t\t\t\t\t\t\t\t\t\t<img decoding=\"async\" src=\"https:\/\/mmi-tarbes.fr\/MaximePortfolio\/wp-content\/uploads\/elementor\/thumbs\/indesign-qvlm34qvvwpdedmj6xgwt35wydvi1mkv68wtq47h1g.png\" title=\"indesign\" alt=\"indesign\" loading=\"lazy\" \/>\t\t\t\t\t\t\t\t\t\t\t\t\t\t\t<\/div>\n\t\t\t\t<\/div>\n\t\t\t\t<\/div>\n\t\t\t\t<div class=\"elementor-element elementor-element-063d69c elementor-widget elementor-widget-text-editor\" data-id=\"063d69c\" data-element_type=\"widget\" data-e-type=\"widget\" data-widget_type=\"text-editor.default\">\n\t\t\t\t<div class=\"elementor-widget-container\">\n\t\t\t\t\t\t\t\t\t<p>Documents Indesign r\u00e9pertoriant tous les Pok\u00e9mon, comme des Pok\u00e9dex. Cr\u00e9\u00e9s pour m&rsquo;entra\u00eener sur le logiciel<\/p>\t\t\t\t\t\t\t\t<\/div>\n\t\t\t\t<\/div>\n\t\t\t\t\t<\/div>\n\t\t\t\t<\/div>\n\t\t<div class=\"elementor-element elementor-element-3ac54c1 e-flex e-con-boxed e-con e-parent\" data-id=\"3ac54c1\" data-element_type=\"container\" data-e-type=\"container\" data-settings=\"{&quot;background_background&quot;:&quot;classic&quot;}\">\n\t\t\t\t\t<div class=\"e-con-inner\">\n\t\t<div class=\"elementor-element elementor-element-d249a11 e-con-full e-flex e-con e-child\" data-id=\"d249a11\" data-element_type=\"container\" data-e-type=\"container\">\n\t\t\t\t<div class=\"elementor-element elementor-element-ef51b95 elementor-widget elementor-widget-image\" data-id=\"ef51b95\" data-element_type=\"widget\" data-e-type=\"widget\" data-widget_type=\"image.default\">\n\t\t\t\t<div class=\"elementor-widget-container\">\n\t\t\t\t\t\t\t\t\t\t\t\t\t\t\t\t<a href=\"https:\/\/mmi-tarbes.fr\/MaximePortfolio\/wp-content\/uploads\/2025\/03\/pokedex_kanto.pdf\" target=\"_blank\">\n\t\t\t\t\t\t\t<img decoding=\"async\" width=\"150\" height=\"150\" src=\"https:\/\/mmi-tarbes.fr\/MaximePortfolio\/wp-content\/uploads\/2024\/12\/g1-150x150.png\" class=\"attachment-thumbnail size-thumbnail wp-image-321\" alt=\"\" srcset=\"https:\/\/mmi-tarbes.fr\/MaximePortfolio\/wp-content\/uploads\/2024\/12\/elementor\/thumbs\/g1-qxx0qg28f4bc361o4kl18rbzcmcujqevfge0veht24.png 150w, https:\/\/mmi-tarbes.fr\/MaximePortfolio\/wp-content\/uploads\/2024\/12\/g1-300x300.png 300w, https:\/\/mmi-tarbes.fr\/MaximePortfolio\/wp-content\/uploads\/2024\/12\/g1-1024x1024.png 1024w, https:\/\/mmi-tarbes.fr\/MaximePortfolio\/wp-content\/uploads\/2024\/12\/g1-768x768.png 768w, https:\/\/mmi-tarbes.fr\/MaximePortfolio\/wp-content\/uploads\/2024\/12\/g1-1536x1536.png 1536w, https:\/\/mmi-tarbes.fr\/MaximePortfolio\/wp-content\/uploads\/2024\/12\/g1-2048x2048.png 2048w, https:\/\/mmi-tarbes.fr\/MaximePortfolio\/wp-content\/uploads\/2024\/12\/elementor\/thumbs\/g1-qxx0qg2779iwh5vxpnpv4ohmba57vz75jnsuq00l10.png 50w, https:\/\/mmi-tarbes.fr\/MaximePortfolio\/wp-content\/uploads\/2024\/12\/elementor\/thumbs\/g1-qxx0qg27t6x4a5ysx45g6pwsty917ut0hk3fsp971k.png 100w\" sizes=\"(max-width: 150px) 100vw, 150px\" \/>\t\t\t\t\t\t\t\t<\/a>\n\t\t\t\t\t\t\t\t\t\t\t\t\t\t\t<\/div>\n\t\t\t\t<\/div>\n\t\t\t\t<div class=\"elementor-element elementor-element-7d9c0ee elementor-widget elementor-widget-heading\" data-id=\"7d9c0ee\" data-element_type=\"widget\" data-e-type=\"widget\" data-widget_type=\"heading.default\">\n\t\t\t\t<div class=\"elementor-widget-container\">\n\t\t\t\t\t<h2 class=\"elementor-heading-title elementor-size-default\">Kanto<\/h2>\t\t\t\t<\/div>\n\t\t\t\t<\/div>\n\t\t\t\t<\/div>\n\t\t<div class=\"elementor-element elementor-element-5ca5b52 e-con-full e-flex e-con e-child\" data-id=\"5ca5b52\" data-element_type=\"container\" data-e-type=\"container\">\n\t\t\t\t<div class=\"elementor-element elementor-element-887210c elementor-widget elementor-widget-image\" data-id=\"887210c\" data-element_type=\"widget\" data-e-type=\"widget\" data-widget_type=\"image.default\">\n\t\t\t\t<div class=\"elementor-widget-container\">\n\t\t\t\t\t\t\t\t\t\t\t\t\t\t\t\t<a href=\"https:\/\/mmi-tarbes.fr\/MaximePortfolio\/wp-content\/uploads\/2025\/03\/pokedex_johto.pdf\" target=\"_blank\">\n\t\t\t\t\t\t\t<img decoding=\"async\" width=\"150\" height=\"150\" src=\"https:\/\/mmi-tarbes.fr\/MaximePortfolio\/wp-content\/uploads\/2024\/12\/g2-150x150.png\" class=\"attachment-thumbnail size-thumbnail wp-image-322\" alt=\"\" srcset=\"https:\/\/mmi-tarbes.fr\/MaximePortfolio\/wp-content\/uploads\/2024\/12\/elementor\/thumbs\/g2-qxx0qw1hnax7kjegj9hox5atg6636l6b5nha13u44c.png 150w, https:\/\/mmi-tarbes.fr\/MaximePortfolio\/wp-content\/uploads\/2024\/12\/g2-300x300.png 300w, https:\/\/mmi-tarbes.fr\/MaximePortfolio\/wp-content\/uploads\/2024\/12\/g2-1024x1024.png 1024w, https:\/\/mmi-tarbes.fr\/MaximePortfolio\/wp-content\/uploads\/2024\/12\/g2-768x768.png 768w, https:\/\/mmi-tarbes.fr\/MaximePortfolio\/wp-content\/uploads\/2024\/12\/g2-1536x1536.png 1536w, https:\/\/mmi-tarbes.fr\/MaximePortfolio\/wp-content\/uploads\/2024\/12\/g2.png 1600w\" sizes=\"(max-width: 150px) 100vw, 150px\" \/>\t\t\t\t\t\t\t\t<\/a>\n\t\t\t\t\t\t\t\t\t\t\t\t\t\t\t<\/div>\n\t\t\t\t<\/div>\n\t\t\t\t<div class=\"elementor-element elementor-element-0857abb elementor-widget elementor-widget-heading\" data-id=\"0857abb\" data-element_type=\"widget\" data-e-type=\"widget\" data-widget_type=\"heading.default\">\n\t\t\t\t<div class=\"elementor-widget-container\">\n\t\t\t\t\t<h2 class=\"elementor-heading-title elementor-size-default\">Johto<\/h2>\t\t\t\t<\/div>\n\t\t\t\t<\/div>\n\t\t\t\t<\/div>\n\t\t<div class=\"elementor-element elementor-element-9162198 e-con-full e-flex e-con e-child\" data-id=\"9162198\" data-element_type=\"container\" data-e-type=\"container\">\n\t\t\t\t<div class=\"elementor-element elementor-element-dedfbdd elementor-widget elementor-widget-image\" data-id=\"dedfbdd\" data-element_type=\"widget\" data-e-type=\"widget\" data-widget_type=\"image.default\">\n\t\t\t\t<div class=\"elementor-widget-container\">\n\t\t\t\t\t\t\t\t\t\t\t\t\t\t\t\t<a href=\"https:\/\/mmi-tarbes.fr\/MaximePortfolio\/wp-content\/uploads\/2025\/03\/pokedex_hoenn.pdf\" target=\"_blank\">\n\t\t\t\t\t\t\t<img decoding=\"async\" width=\"150\" height=\"150\" src=\"https:\/\/mmi-tarbes.fr\/MaximePortfolio\/wp-content\/uploads\/2024\/12\/g3-150x150.png\" class=\"attachment-thumbnail size-thumbnail wp-image-323\" alt=\"\" srcset=\"https:\/\/mmi-tarbes.fr\/MaximePortfolio\/wp-content\/uploads\/2024\/12\/g3-150x150.png 150w, https:\/\/mmi-tarbes.fr\/MaximePortfolio\/wp-content\/uploads\/2024\/12\/g3-300x300.png 300w, https:\/\/mmi-tarbes.fr\/MaximePortfolio\/wp-content\/uploads\/2024\/12\/g3-1024x1024.png 1024w, https:\/\/mmi-tarbes.fr\/MaximePortfolio\/wp-content\/uploads\/2024\/12\/g3-768x768.png 768w, https:\/\/mmi-tarbes.fr\/MaximePortfolio\/wp-content\/uploads\/2024\/12\/g3-1536x1536.png 1536w, https:\/\/mmi-tarbes.fr\/MaximePortfolio\/wp-content\/uploads\/2024\/12\/g3.png 1800w\" sizes=\"(max-width: 150px) 100vw, 150px\" \/>\t\t\t\t\t\t\t\t<\/a>\n\t\t\t\t\t\t\t\t\t\t\t\t\t\t\t<\/div>\n\t\t\t\t<\/div>\n\t\t\t\t<div class=\"elementor-element elementor-element-e43e575 elementor-widget elementor-widget-heading\" data-id=\"e43e575\" data-element_type=\"widget\" data-e-type=\"widget\" data-widget_type=\"heading.default\">\n\t\t\t\t<div class=\"elementor-widget-container\">\n\t\t\t\t\t<h2 class=\"elementor-heading-title elementor-size-default\">Hoenn<\/h2>\t\t\t\t<\/div>\n\t\t\t\t<\/div>\n\t\t\t\t<\/div>\n\t\t<div class=\"elementor-element elementor-element-677b90d e-con-full e-flex e-con e-child\" data-id=\"677b90d\" data-element_type=\"container\" data-e-type=\"container\">\n\t\t\t\t<div class=\"elementor-element elementor-element-b3c117a elementor-widget elementor-widget-image\" data-id=\"b3c117a\" data-element_type=\"widget\" data-e-type=\"widget\" data-widget_type=\"image.default\">\n\t\t\t\t<div class=\"elementor-widget-container\">\n\t\t\t\t\t\t\t\t\t\t\t\t\t\t\t\t<a href=\"https:\/\/mmi-tarbes.fr\/MaximePortfolio\/wp-content\/uploads\/2025\/03\/pokedex_sinnoh.pdf\" target=\"_blank\">\n\t\t\t\t\t\t\t<img loading=\"lazy\" decoding=\"async\" width=\"150\" height=\"150\" src=\"https:\/\/mmi-tarbes.fr\/MaximePortfolio\/wp-content\/uploads\/2024\/12\/g4-150x150.png\" class=\"attachment-thumbnail size-thumbnail wp-image-324\" alt=\"\" srcset=\"https:\/\/mmi-tarbes.fr\/MaximePortfolio\/wp-content\/uploads\/2024\/12\/g4-150x150.png 150w, https:\/\/mmi-tarbes.fr\/MaximePortfolio\/wp-content\/uploads\/2024\/12\/g4-300x300.png 300w, https:\/\/mmi-tarbes.fr\/MaximePortfolio\/wp-content\/uploads\/2024\/12\/g4-1024x1024.png 1024w, https:\/\/mmi-tarbes.fr\/MaximePortfolio\/wp-content\/uploads\/2024\/12\/g4-768x768.png 768w, https:\/\/mmi-tarbes.fr\/MaximePortfolio\/wp-content\/uploads\/2024\/12\/g4-1536x1536.png 1536w, https:\/\/mmi-tarbes.fr\/MaximePortfolio\/wp-content\/uploads\/2024\/12\/g4.png 1800w\" sizes=\"(max-width: 150px) 100vw, 150px\" \/>\t\t\t\t\t\t\t\t<\/a>\n\t\t\t\t\t\t\t\t\t\t\t\t\t\t\t<\/div>\n\t\t\t\t<\/div>\n\t\t\t\t<div class=\"elementor-element elementor-element-36cfc5c elementor-widget elementor-widget-heading\" data-id=\"36cfc5c\" data-element_type=\"widget\" data-e-type=\"widget\" data-widget_type=\"heading.default\">\n\t\t\t\t<div class=\"elementor-widget-container\">\n\t\t\t\t\t<h2 class=\"elementor-heading-title elementor-size-default\">Sinnoh<\/h2>\t\t\t\t<\/div>\n\t\t\t\t<\/div>\n\t\t\t\t<\/div>\n\t\t<div class=\"elementor-element elementor-element-cb5df86 e-con-full e-flex e-con e-child\" data-id=\"cb5df86\" data-element_type=\"container\" data-e-type=\"container\">\n\t\t\t\t<div class=\"elementor-element elementor-element-8d9ce31 elementor-widget elementor-widget-image\" data-id=\"8d9ce31\" data-element_type=\"widget\" data-e-type=\"widget\" data-widget_type=\"image.default\">\n\t\t\t\t<div class=\"elementor-widget-container\">\n\t\t\t\t\t\t\t\t\t\t\t\t\t\t\t\t<a href=\"https:\/\/mmi-tarbes.fr\/MaximePortfolio\/wp-content\/uploads\/2025\/03\/pokedex_unys.pdf\" target=\"_blank\">\n\t\t\t\t\t\t\t<img loading=\"lazy\" decoding=\"async\" width=\"150\" height=\"150\" src=\"https:\/\/mmi-tarbes.fr\/MaximePortfolio\/wp-content\/uploads\/2024\/12\/g5-150x150.png\" class=\"attachment-thumbnail size-thumbnail wp-image-325\" alt=\"\" srcset=\"https:\/\/mmi-tarbes.fr\/MaximePortfolio\/wp-content\/uploads\/2024\/12\/g5-150x150.png 150w, https:\/\/mmi-tarbes.fr\/MaximePortfolio\/wp-content\/uploads\/2024\/12\/g5-300x300.png 300w, https:\/\/mmi-tarbes.fr\/MaximePortfolio\/wp-content\/uploads\/2024\/12\/g5-1024x1024.png 1024w, https:\/\/mmi-tarbes.fr\/MaximePortfolio\/wp-content\/uploads\/2024\/12\/g5-768x768.png 768w, https:\/\/mmi-tarbes.fr\/MaximePortfolio\/wp-content\/uploads\/2024\/12\/g5-1536x1536.png 1536w, https:\/\/mmi-tarbes.fr\/MaximePortfolio\/wp-content\/uploads\/2024\/12\/g5.png 1800w\" sizes=\"(max-width: 150px) 100vw, 150px\" \/>\t\t\t\t\t\t\t\t<\/a>\n\t\t\t\t\t\t\t\t\t\t\t\t\t\t\t<\/div>\n\t\t\t\t<\/div>\n\t\t\t\t<div class=\"elementor-element elementor-element-c8bbf11 elementor-widget elementor-widget-heading\" data-id=\"c8bbf11\" data-element_type=\"widget\" data-e-type=\"widget\" data-widget_type=\"heading.default\">\n\t\t\t\t<div class=\"elementor-widget-container\">\n\t\t\t\t\t<h2 class=\"elementor-heading-title elementor-size-default\">Unys<\/h2>\t\t\t\t<\/div>\n\t\t\t\t<\/div>\n\t\t\t\t<\/div>\n\t\t\t\t\t<\/div>\n\t\t\t\t<\/div>\n\t\t<div class=\"elementor-element elementor-element-7760737 e-flex e-con-boxed e-con e-parent\" data-id=\"7760737\" data-element_type=\"container\" data-e-type=\"container\" data-settings=\"{&quot;background_background&quot;:&quot;classic&quot;}\">\n\t\t\t\t\t<div class=\"e-con-inner\">\n\t\t<div class=\"elementor-element elementor-element-785a954 e-con-full e-flex e-con e-child\" data-id=\"785a954\" data-element_type=\"container\" data-e-type=\"container\">\n\t\t\t\t<div class=\"elementor-element elementor-element-e1d8d9d elementor-widget elementor-widget-image\" data-id=\"e1d8d9d\" data-element_type=\"widget\" data-e-type=\"widget\" data-widget_type=\"image.default\">\n\t\t\t\t<div class=\"elementor-widget-container\">\n\t\t\t\t\t\t\t\t\t\t\t\t\t\t\t\t<a href=\"https:\/\/mmi-tarbes.fr\/MaximePortfolio\/wp-content\/uploads\/2025\/03\/pokedex_kalos.pdf\" target=\"_blank\">\n\t\t\t\t\t\t\t<img loading=\"lazy\" decoding=\"async\" width=\"150\" height=\"150\" src=\"https:\/\/mmi-tarbes.fr\/MaximePortfolio\/wp-content\/uploads\/2024\/12\/g6-150x150.png\" class=\"attachment-thumbnail size-thumbnail wp-image-326\" alt=\"\" srcset=\"https:\/\/mmi-tarbes.fr\/MaximePortfolio\/wp-content\/uploads\/2024\/12\/g6-150x150.png 150w, https:\/\/mmi-tarbes.fr\/MaximePortfolio\/wp-content\/uploads\/2024\/12\/g6-300x300.png 300w, https:\/\/mmi-tarbes.fr\/MaximePortfolio\/wp-content\/uploads\/2024\/12\/g6-1024x1024.png 1024w, https:\/\/mmi-tarbes.fr\/MaximePortfolio\/wp-content\/uploads\/2024\/12\/g6-768x768.png 768w, https:\/\/mmi-tarbes.fr\/MaximePortfolio\/wp-content\/uploads\/2024\/12\/g6-1536x1536.png 1536w, https:\/\/mmi-tarbes.fr\/MaximePortfolio\/wp-content\/uploads\/2024\/12\/g6.png 2000w\" sizes=\"(max-width: 150px) 100vw, 150px\" \/>\t\t\t\t\t\t\t\t<\/a>\n\t\t\t\t\t\t\t\t\t\t\t\t\t\t\t<\/div>\n\t\t\t\t<\/div>\n\t\t\t\t<div class=\"elementor-element elementor-element-a6104a7 elementor-widget elementor-widget-heading\" data-id=\"a6104a7\" data-element_type=\"widget\" data-e-type=\"widget\" data-widget_type=\"heading.default\">\n\t\t\t\t<div class=\"elementor-widget-container\">\n\t\t\t\t\t<h2 class=\"elementor-heading-title elementor-size-default\">Kalos<\/h2>\t\t\t\t<\/div>\n\t\t\t\t<\/div>\n\t\t\t\t<\/div>\n\t\t<div class=\"elementor-element elementor-element-0acfd09 e-con-full e-flex e-con e-child\" data-id=\"0acfd09\" data-element_type=\"container\" data-e-type=\"container\">\n\t\t\t\t<div class=\"elementor-element elementor-element-9d683e6 elementor-widget elementor-widget-image\" data-id=\"9d683e6\" data-element_type=\"widget\" data-e-type=\"widget\" data-widget_type=\"image.default\">\n\t\t\t\t<div class=\"elementor-widget-container\">\n\t\t\t\t\t\t\t\t\t\t\t\t\t\t\t\t<a href=\"https:\/\/mmi-tarbes.fr\/MaximePortfolio\/wp-content\/uploads\/2025\/03\/pokedex_alola.pdf\" target=\"_blank\">\n\t\t\t\t\t\t\t<img loading=\"lazy\" decoding=\"async\" width=\"150\" height=\"150\" src=\"https:\/\/mmi-tarbes.fr\/MaximePortfolio\/wp-content\/uploads\/2024\/12\/g7-150x150.png\" class=\"attachment-thumbnail size-thumbnail wp-image-327\" alt=\"\" srcset=\"https:\/\/mmi-tarbes.fr\/MaximePortfolio\/wp-content\/uploads\/2024\/12\/g7-150x150.png 150w, https:\/\/mmi-tarbes.fr\/MaximePortfolio\/wp-content\/uploads\/2024\/12\/g7-300x300.png 300w, https:\/\/mmi-tarbes.fr\/MaximePortfolio\/wp-content\/uploads\/2024\/12\/g7-1024x1024.png 1024w, https:\/\/mmi-tarbes.fr\/MaximePortfolio\/wp-content\/uploads\/2024\/12\/g7-768x768.png 768w, https:\/\/mmi-tarbes.fr\/MaximePortfolio\/wp-content\/uploads\/2024\/12\/g7-1536x1536.png 1536w, https:\/\/mmi-tarbes.fr\/MaximePortfolio\/wp-content\/uploads\/2024\/12\/g7.png 1800w\" sizes=\"(max-width: 150px) 100vw, 150px\" \/>\t\t\t\t\t\t\t\t<\/a>\n\t\t\t\t\t\t\t\t\t\t\t\t\t\t\t<\/div>\n\t\t\t\t<\/div>\n\t\t\t\t<div class=\"elementor-element elementor-element-454133a elementor-widget elementor-widget-heading\" data-id=\"454133a\" data-element_type=\"widget\" data-e-type=\"widget\" data-widget_type=\"heading.default\">\n\t\t\t\t<div class=\"elementor-widget-container\">\n\t\t\t\t\t<h2 class=\"elementor-heading-title elementor-size-default\">Alola<\/h2>\t\t\t\t<\/div>\n\t\t\t\t<\/div>\n\t\t\t\t<\/div>\n\t\t<div class=\"elementor-element elementor-element-4a02532 e-con-full e-flex e-con e-child\" data-id=\"4a02532\" data-element_type=\"container\" data-e-type=\"container\">\n\t\t\t\t<div class=\"elementor-element elementor-element-d6c2c5b elementor-widget elementor-widget-image\" data-id=\"d6c2c5b\" data-element_type=\"widget\" data-e-type=\"widget\" data-widget_type=\"image.default\">\n\t\t\t\t<div class=\"elementor-widget-container\">\n\t\t\t\t\t\t\t\t\t\t\t\t\t\t\t\t<a href=\"https:\/\/mmi-tarbes.fr\/MaximePortfolio\/wp-content\/uploads\/2025\/03\/pokedex_galar.pdf\" target=\"_blank\">\n\t\t\t\t\t\t\t<img loading=\"lazy\" decoding=\"async\" width=\"150\" height=\"150\" src=\"https:\/\/mmi-tarbes.fr\/MaximePortfolio\/wp-content\/uploads\/2024\/12\/g8-150x150.png\" class=\"attachment-thumbnail size-thumbnail wp-image-328\" alt=\"\" srcset=\"https:\/\/mmi-tarbes.fr\/MaximePortfolio\/wp-content\/uploads\/2024\/12\/g8-150x150.png 150w, https:\/\/mmi-tarbes.fr\/MaximePortfolio\/wp-content\/uploads\/2024\/12\/g8-300x300.png 300w, https:\/\/mmi-tarbes.fr\/MaximePortfolio\/wp-content\/uploads\/2024\/12\/g8-1024x1024.png 1024w, https:\/\/mmi-tarbes.fr\/MaximePortfolio\/wp-content\/uploads\/2024\/12\/g8-768x768.png 768w, https:\/\/mmi-tarbes.fr\/MaximePortfolio\/wp-content\/uploads\/2024\/12\/g8-1536x1536.png 1536w, https:\/\/mmi-tarbes.fr\/MaximePortfolio\/wp-content\/uploads\/2024\/12\/g8.png 1800w\" sizes=\"(max-width: 150px) 100vw, 150px\" \/>\t\t\t\t\t\t\t\t<\/a>\n\t\t\t\t\t\t\t\t\t\t\t\t\t\t\t<\/div>\n\t\t\t\t<\/div>\n\t\t\t\t<div class=\"elementor-element elementor-element-c4d5a0b elementor-widget elementor-widget-heading\" data-id=\"c4d5a0b\" data-element_type=\"widget\" data-e-type=\"widget\" data-widget_type=\"heading.default\">\n\t\t\t\t<div class=\"elementor-widget-container\">\n\t\t\t\t\t<h2 class=\"elementor-heading-title elementor-size-default\">Galar<\/h2>\t\t\t\t<\/div>\n\t\t\t\t<\/div>\n\t\t\t\t<\/div>\n\t\t<div class=\"elementor-element elementor-element-491c8cb e-con-full e-flex e-con e-child\" data-id=\"491c8cb\" data-element_type=\"container\" data-e-type=\"container\">\n\t\t\t\t<div class=\"elementor-element elementor-element-59addfa elementor-widget elementor-widget-image\" data-id=\"59addfa\" data-element_type=\"widget\" data-e-type=\"widget\" data-widget_type=\"image.default\">\n\t\t\t\t<div class=\"elementor-widget-container\">\n\t\t\t\t\t\t\t\t\t\t\t\t\t\t\t\t<a href=\"https:\/\/mmi-tarbes.fr\/MaximePortfolio\/wp-content\/uploads\/2025\/03\/pokedex_hisui.pdf\" target=\"_blank\">\n\t\t\t\t\t\t\t<img loading=\"lazy\" decoding=\"async\" width=\"150\" height=\"150\" src=\"https:\/\/mmi-tarbes.fr\/MaximePortfolio\/wp-content\/uploads\/2024\/12\/starter_hisui-150x150.png\" class=\"attachment-thumbnail size-thumbnail wp-image-330\" alt=\"\" srcset=\"https:\/\/mmi-tarbes.fr\/MaximePortfolio\/wp-content\/uploads\/2024\/12\/starter_hisui-150x150.png 150w, https:\/\/mmi-tarbes.fr\/MaximePortfolio\/wp-content\/uploads\/2024\/12\/starter_hisui-300x300.png 300w, https:\/\/mmi-tarbes.fr\/MaximePortfolio\/wp-content\/uploads\/2024\/12\/starter_hisui-768x768.png 768w, https:\/\/mmi-tarbes.fr\/MaximePortfolio\/wp-content\/uploads\/2024\/12\/starter_hisui.png 1000w\" sizes=\"(max-width: 150px) 100vw, 150px\" \/>\t\t\t\t\t\t\t\t<\/a>\n\t\t\t\t\t\t\t\t\t\t\t\t\t\t\t<\/div>\n\t\t\t\t<\/div>\n\t\t\t\t<div class=\"elementor-element elementor-element-aae2e17 elementor-widget elementor-widget-heading\" data-id=\"aae2e17\" data-element_type=\"widget\" data-e-type=\"widget\" data-widget_type=\"heading.default\">\n\t\t\t\t<div class=\"elementor-widget-container\">\n\t\t\t\t\t<h2 class=\"elementor-heading-title elementor-size-default\">Hisui<\/h2>\t\t\t\t<\/div>\n\t\t\t\t<\/div>\n\t\t\t\t<\/div>\n\t\t<div class=\"elementor-element elementor-element-dc42c05 e-con-full e-flex e-con e-child\" data-id=\"dc42c05\" data-element_type=\"container\" data-e-type=\"container\">\n\t\t\t\t<div class=\"elementor-element elementor-element-74446c0 elementor-widget elementor-widget-image\" data-id=\"74446c0\" data-element_type=\"widget\" data-e-type=\"widget\" data-widget_type=\"image.default\">\n\t\t\t\t<div class=\"elementor-widget-container\">\n\t\t\t\t\t\t\t\t\t\t\t\t\t\t\t\t<a href=\"https:\/\/mmi-tarbes.fr\/MaximePortfolio\/wp-content\/uploads\/2025\/03\/pokedex_paldea.pdf\" target=\"_blank\">\n\t\t\t\t\t\t\t<img loading=\"lazy\" decoding=\"async\" width=\"150\" height=\"150\" src=\"https:\/\/mmi-tarbes.fr\/MaximePortfolio\/wp-content\/uploads\/2024\/12\/g9-150x150.png\" class=\"attachment-thumbnail size-thumbnail wp-image-329\" alt=\"\" \/>\t\t\t\t\t\t\t\t<\/a>\n\t\t\t\t\t\t\t\t\t\t\t\t\t\t\t<\/div>\n\t\t\t\t<\/div>\n\t\t\t\t<div class=\"elementor-element elementor-element-5eddd5e elementor-widget elementor-widget-heading\" data-id=\"5eddd5e\" data-element_type=\"widget\" data-e-type=\"widget\" data-widget_type=\"heading.default\">\n\t\t\t\t<div class=\"elementor-widget-container\">\n\t\t\t\t\t<h2 class=\"elementor-heading-title elementor-size-default\">Paldea<\/h2>\t\t\t\t<\/div>\n\t\t\t\t<\/div>\n\t\t\t\t<\/div>\n\t\t\t\t\t<\/div>\n\t\t\t\t<\/div>\n\t\t\t\t<\/div>\n\t\t","protected":false},"excerpt":{"rendered":"<p>Documents Indesign r\u00e9pertoriant tous les Pok\u00e9mon, comme des Pok\u00e9dex. Cr\u00e9\u00e9s pour m&rsquo;entra\u00eener sur le logiciel Kanto Johto Hoenn Sinnoh Unys Kalos Alola Galar Hisui Paldea<\/p>\n","protected":false},"author":1,"featured_media":0,"parent":0,"menu_order":0,"comment_status":"closed","ping_status":"closed","template":"","meta":{"footnotes":""},"class_list":["post-300","page","type-page","status-publish","hentry"],"_links":{"self":[{"href":"https:\/\/mmi-tarbes.fr\/MaximePortfolio\/wp-json\/wp\/v2\/pages\/300","targetHints":{"allow":["GET"]}}],"collection":[{"href":"https:\/\/mmi-tarbes.fr\/MaximePortfolio\/wp-json\/wp\/v2\/pages"}],"about":[{"href":"https:\/\/mmi-tarbes.fr\/MaximePortfolio\/wp-json\/wp\/v2\/types\/page"}],"author":[{"embeddable":true,"href":"https:\/\/mmi-tarbes.fr\/MaximePortfolio\/wp-json\/wp\/v2\/users\/1"}],"replies":[{"embeddable":true,"href":"https:\/\/mmi-tarbes.fr\/MaximePortfolio\/wp-json\/wp\/v2\/comments?post=300"}],"version-history":[{"count":94,"href":"https:\/\/mmi-tarbes.fr\/MaximePortfolio\/wp-json\/wp\/v2\/pages\/300\/revisions"}],"predecessor-version":[{"id":681,"href":"https:\/\/mmi-tarbes.fr\/MaximePortfolio\/wp-json\/wp\/v2\/pages\/300\/revisions\/681"}],"wp:attachment":[{"href":"https:\/\/mmi-tarbes.fr\/MaximePortfolio\/wp-json\/wp\/v2\/media?parent=300"}],"curies":[{"name":"wp","href":"https:\/\/api.w.org\/{rel}","templated":true}]}}