{"id":26,"date":"2024-09-12T10:53:28","date_gmt":"2024-09-12T08:53:28","guid":{"rendered":"https:\/\/mmi-tarbes.fr\/MaximePortfolio\/?page_id=26"},"modified":"2025-03-04T09:22:00","modified_gmt":"2025-03-04T08:22:00","slug":"competence","status":"publish","type":"page","link":"https:\/\/mmi-tarbes.fr\/MaximePortfolio\/competence\/","title":{"rendered":"A propos"},"content":{"rendered":"\t\t<div data-elementor-type=\"wp-page\" data-elementor-id=\"26\" class=\"elementor elementor-26\" data-elementor-post-type=\"page\">\n\t\t\t\t<div class=\"elementor-element elementor-element-a2e5c0e e-flex e-con-boxed e-con e-parent\" data-id=\"a2e5c0e\" data-element_type=\"container\" data-e-type=\"container\" data-settings=\"{&quot;background_background&quot;:&quot;classic&quot;}\">\n\t\t\t\t\t<div class=\"e-con-inner\">\n\t\t\t\t<div class=\"elementor-element elementor-element-29fea20 elementor-widget elementor-widget-heading\" data-id=\"29fea20\" data-element_type=\"widget\" data-e-type=\"widget\" data-widget_type=\"heading.default\">\n\t\t\t\t<div class=\"elementor-widget-container\">\n\t\t\t\t\t<h1 class=\"elementor-heading-title elementor-size-default\">A propos<\/h1>\t\t\t\t<\/div>\n\t\t\t\t<\/div>\n\t\t\t\t\t<\/div>\n\t\t\t\t<\/div>\n\t\t<div class=\"elementor-element elementor-element-d124f92 e-flex e-con-boxed e-con e-parent\" data-id=\"d124f92\" data-element_type=\"container\" data-e-type=\"container\" data-settings=\"{&quot;background_background&quot;:&quot;classic&quot;}\">\n\t\t\t\t\t<div class=\"e-con-inner\">\n\t\t\t\t\t<\/div>\n\t\t\t\t<\/div>\n\t\t<div class=\"elementor-element elementor-element-bb332a1 e-flex e-con-boxed e-con e-parent\" data-id=\"bb332a1\" data-element_type=\"container\" data-e-type=\"container\" data-settings=\"{&quot;background_background&quot;:&quot;classic&quot;}\">\n\t\t\t\t\t<div class=\"e-con-inner\">\n\t\t\t\t<div class=\"elementor-element elementor-element-6dbae88 elementor-widget elementor-widget-text-editor\" data-id=\"6dbae88\" data-element_type=\"widget\" data-e-type=\"widget\" data-widget_type=\"text-editor.default\">\n\t\t\t\t<div class=\"elementor-widget-container\">\n\t\t\t\t\t\t\t\t\t<p>Je suis Maxime Petit, \u00e9tudiant en troisi\u00e8me ann\u00e9e de BUT M\u00e9tiers du multim\u00e9dia et de l&rsquo;internet \u00e0 l&rsquo;IUT de Tarbes. N\u00e9 le 6 octobre 2001 \u00e0 Toulon, je suis diagnostiqu\u00e9 autiste quand j&rsquo;avais 3 ans, mais je ne l&rsquo;ai su qu&rsquo;\u00e0 10 ans. Cet handicap, bien qu&rsquo;il m&#8217;emp\u00eache de comprendre certaines choses, a fait de moi quelqu&rsquo;un d&rsquo;unique, car mon travail m&rsquo;a r\u00e9compens\u00e9 d&rsquo;un baccalaur\u00e9at professionnel gestion administration avec mention tr\u00e8s bien et d&rsquo;un BTS Support \u00e0 l&rsquo;action manag\u00e9rial.<\/p><p>J&rsquo;aime les jeux vid\u00e9o, lire, \u00e9couter de la musique, faire de la course \u00e0 pied, naviguer sur le web, et les animaux. J&rsquo;ai un chat qui s&rsquo;appelle Smokey.<\/p><p>Mon objectif est d&rsquo;avoir le BUT afin de m&rsquo;ins\u00e9rer professionnellement, en tant que community manager ou charg\u00e9 de communication.<\/p>\t\t\t\t\t\t\t\t<\/div>\n\t\t\t\t<\/div>\n\t\t\t\t\t<\/div>\n\t\t\t\t<\/div>\n\t\t<div class=\"elementor-element elementor-element-c821866 e-flex e-con-boxed e-con e-parent\" data-id=\"c821866\" data-element_type=\"container\" data-e-type=\"container\" data-settings=\"{&quot;background_background&quot;:&quot;classic&quot;}\">\n\t\t\t\t\t<div class=\"e-con-inner\">\n\t\t\t\t<div class=\"elementor-element elementor-element-81fdc5a elementor-align-center elementor-widget elementor-widget-button\" data-id=\"81fdc5a\" data-element_type=\"widget\" data-e-type=\"widget\" data-widget_type=\"button.default\">\n\t\t\t\t<div class=\"elementor-widget-container\">\n\t\t\t\t\t\t\t\t\t<div class=\"elementor-button-wrapper\">\n\t\t\t\t\t<a class=\"elementor-button elementor-button-link elementor-size-sm\" href=\"https:\/\/mmi-tarbes.fr\/MaximePortfolio\/wp-content\/uploads\/2025\/01\/CV_Maxime_PETIT-1.pdf\" target=\"_blank\">\n\t\t\t\t\t\t<span class=\"elementor-button-content-wrapper\">\n\t\t\t\t\t\t\t\t\t<span class=\"elementor-button-text\">Mon CV<\/span>\n\t\t\t\t\t<\/span>\n\t\t\t\t\t<\/a>\n\t\t\t\t<\/div>\n\t\t\t\t\t\t\t\t<\/div>\n\t\t\t\t<\/div>\n\t\t\t\t\t<\/div>\n\t\t\t\t<\/div>\n\t\t<div class=\"elementor-element elementor-element-cac76b1 e-flex e-con-boxed e-con e-parent\" data-id=\"cac76b1\" data-element_type=\"container\" data-e-type=\"container\" data-settings=\"{&quot;background_background&quot;:&quot;classic&quot;}\">\n\t\t\t\t\t<div class=\"e-con-inner\">\n\t\t\t\t<div class=\"elementor-element elementor-element-6fabc07 elementor-widget elementor-widget-heading\" data-id=\"6fabc07\" data-element_type=\"widget\" data-e-type=\"widget\" data-widget_type=\"heading.default\">\n\t\t\t\t<div class=\"elementor-widget-container\">\n\t\t\t\t\t<h2 class=\"elementor-heading-title elementor-size-default\">Mes comp\u00e9tences<\/h2>\t\t\t\t<\/div>\n\t\t\t\t<\/div>\n\t\t\t\t\t<\/div>\n\t\t\t\t<\/div>\n\t\t<div class=\"elementor-element elementor-element-d6f8294 e-flex e-con-boxed e-con e-parent\" data-id=\"d6f8294\" data-element_type=\"container\" data-e-type=\"container\" data-settings=\"{&quot;background_background&quot;:&quot;classic&quot;}\">\n\t\t\t\t\t<div class=\"e-con-inner\">\n\t\t<div class=\"elementor-element elementor-element-1c3163e e-con-full e-flex e-con e-child\" data-id=\"1c3163e\" data-element_type=\"container\" data-e-type=\"container\">\n\t\t<div class=\"elementor-element elementor-element-476bc95 e-con-full e-flex e-con e-child\" data-id=\"476bc95\" data-element_type=\"container\" data-e-type=\"container\">\n\t\t\t\t<div class=\"elementor-element elementor-element-3d8c8ad elementor-widget elementor-widget-image\" data-id=\"3d8c8ad\" data-element_type=\"widget\" data-e-type=\"widget\" data-widget_type=\"image.default\">\n\t\t\t\t<div class=\"elementor-widget-container\">\n\t\t\t\t\t\t\t\t\t\t\t\t\t\t\t<img decoding=\"async\" src=\"https:\/\/mmi-tarbes.fr\/MaximePortfolio\/wp-content\/uploads\/elementor\/thumbs\/canva-qvlm32v7i8msr5p9hwnno3mzrm4rm8dehzlurka9dw.png\" title=\"canva\" alt=\"canva\" loading=\"lazy\" \/>\t\t\t\t\t\t\t\t\t\t\t\t\t\t\t<\/div>\n\t\t\t\t<\/div>\n\t\t\t\t<\/div>\n\t\t\t\t<\/div>\n\t\t<div class=\"elementor-element elementor-element-8c37f08 e-con-full e-flex e-con e-child\" data-id=\"8c37f08\" data-element_type=\"container\" data-e-type=\"container\">\n\t\t<div class=\"elementor-element elementor-element-aac4ec8 e-con-full e-flex e-con e-child\" data-id=\"aac4ec8\" data-element_type=\"container\" data-e-type=\"container\">\n\t\t\t\t<div class=\"elementor-element elementor-element-1bdbc41 elementor-widget elementor-widget-image\" data-id=\"1bdbc41\" data-element_type=\"widget\" data-e-type=\"widget\" data-widget_type=\"image.default\">\n\t\t\t\t<div class=\"elementor-widget-container\">\n\t\t\t\t\t\t\t\t\t\t\t\t\t\t\t<img decoding=\"async\" src=\"https:\/\/mmi-tarbes.fr\/MaximePortfolio\/wp-content\/uploads\/elementor\/thumbs\/illustrator-qvlm34qvvwpdedmj6xgwt35wydvi1mkv68wtq47h1g.png\" title=\"illustrator\" alt=\"illustrator\" loading=\"lazy\" \/>\t\t\t\t\t\t\t\t\t\t\t\t\t\t\t<\/div>\n\t\t\t\t<\/div>\n\t\t\t\t<\/div>\n\t\t\t\t<\/div>\n\t\t<div class=\"elementor-element elementor-element-ac3dc27 e-con-full e-flex e-con e-child\" data-id=\"ac3dc27\" data-element_type=\"container\" data-e-type=\"container\">\n\t\t\t\t<div class=\"elementor-element elementor-element-082efda elementor-widget elementor-widget-heading\" data-id=\"082efda\" data-element_type=\"widget\" data-e-type=\"widget\" data-widget_type=\"heading.default\">\n\t\t\t\t<div class=\"elementor-widget-container\">\n\t\t\t\t\t<h2 class=\"elementor-heading-title elementor-size-default\">Conception d'images\u00a0(Canva et Adobe Illustrator)<\/h2>\t\t\t\t<\/div>\n\t\t\t\t<\/div>\n\t\t\t\t<\/div>\n\t\t\t\t\t<\/div>\n\t\t\t\t<\/div>\n\t\t<div class=\"elementor-element elementor-element-1957db1 e-flex e-con-boxed e-con e-parent\" data-id=\"1957db1\" data-element_type=\"container\" data-e-type=\"container\" data-settings=\"{&quot;background_background&quot;:&quot;classic&quot;}\">\n\t\t\t\t\t<div class=\"e-con-inner\">\n\t\t<div class=\"elementor-element elementor-element-283a718 e-con-full e-flex e-con e-child\" data-id=\"283a718\" data-element_type=\"container\" data-e-type=\"container\">\n\t\t<div class=\"elementor-element elementor-element-26bfcc2 e-con-full e-flex e-con e-child\" data-id=\"26bfcc2\" data-element_type=\"container\" data-e-type=\"container\">\n\t\t\t\t<div class=\"elementor-element elementor-element-438a5e9 elementor-widget elementor-widget-image\" data-id=\"438a5e9\" data-element_type=\"widget\" data-e-type=\"widget\" data-widget_type=\"image.default\">\n\t\t\t\t<div class=\"elementor-widget-container\">\n\t\t\t\t\t\t\t\t\t\t\t\t\t\t\t<img decoding=\"async\" src=\"https:\/\/mmi-tarbes.fr\/MaximePortfolio\/wp-content\/uploads\/elementor\/thumbs\/word-qvlmpz7nzxz9l6fusazgwtm8qj9o4s9zzbqon8bzt0.png\" title=\"word\" alt=\"word\" loading=\"lazy\" \/>\t\t\t\t\t\t\t\t\t\t\t\t\t\t\t<\/div>\n\t\t\t\t<\/div>\n\t\t\t\t<\/div>\n\t\t\t\t<\/div>\n\t\t<div class=\"elementor-element elementor-element-587b3e7 e-con-full e-flex e-con e-child\" data-id=\"587b3e7\" data-element_type=\"container\" data-e-type=\"container\">\n\t\t<div class=\"elementor-element elementor-element-a3d4b37 e-con-full e-flex e-con e-child\" data-id=\"a3d4b37\" data-element_type=\"container\" data-e-type=\"container\">\n\t\t\t\t<div class=\"elementor-element elementor-element-10869bd elementor-widget elementor-widget-image\" data-id=\"10869bd\" data-element_type=\"widget\" data-e-type=\"widget\" data-widget_type=\"image.default\">\n\t\t\t\t<div class=\"elementor-widget-container\">\n\t\t\t\t\t\t\t\t\t\t\t\t\t\t\t<img decoding=\"async\" src=\"https:\/\/mmi-tarbes.fr\/MaximePortfolio\/wp-content\/uploads\/elementor\/thumbs\/indesign-qvlm34qvvwpdedmj6xgwt35wydvi1mkv68wtq47h1g.png\" title=\"indesign\" alt=\"indesign\" loading=\"lazy\" \/>\t\t\t\t\t\t\t\t\t\t\t\t\t\t\t<\/div>\n\t\t\t\t<\/div>\n\t\t\t\t<\/div>\n\t\t\t\t<\/div>\n\t\t<div class=\"elementor-element elementor-element-454a55e e-con-full e-flex e-con e-child\" data-id=\"454a55e\" data-element_type=\"container\" data-e-type=\"container\">\n\t\t\t\t<div class=\"elementor-element elementor-element-27bfd2e elementor-widget elementor-widget-heading\" data-id=\"27bfd2e\" data-element_type=\"widget\" data-e-type=\"widget\" data-widget_type=\"heading.default\">\n\t\t\t\t<div class=\"elementor-widget-container\">\n\t\t\t\t\t<h2 class=\"elementor-heading-title elementor-size-default\">Texteur (Word et Adobe InDesign)<\/h2>\t\t\t\t<\/div>\n\t\t\t\t<\/div>\n\t\t\t\t<\/div>\n\t\t\t\t\t<\/div>\n\t\t\t\t<\/div>\n\t\t<div class=\"elementor-element elementor-element-3b7db72 e-flex e-con-boxed e-con e-parent\" data-id=\"3b7db72\" data-element_type=\"container\" data-e-type=\"container\" data-settings=\"{&quot;background_background&quot;:&quot;classic&quot;}\">\n\t\t\t\t\t<div class=\"e-con-inner\">\n\t\t<div class=\"elementor-element elementor-element-6719740 e-con-full e-flex e-con e-child\" data-id=\"6719740\" data-element_type=\"container\" data-e-type=\"container\">\n\t\t\t\t<div class=\"elementor-element elementor-element-2fe8063 elementor-widget elementor-widget-image\" data-id=\"2fe8063\" data-element_type=\"widget\" data-e-type=\"widget\" data-widget_type=\"image.default\">\n\t\t\t\t<div class=\"elementor-widget-container\">\n\t\t\t\t\t\t\t\t\t\t\t\t\t\t\t<img decoding=\"async\" src=\"https:\/\/mmi-tarbes.fr\/MaximePortfolio\/wp-content\/uploads\/elementor\/thumbs\/excel-qvlmxpfw6wk51r7pnn91eveokl6bf6yjpkuep4vgn8.png\" title=\"excel\" alt=\"excel\" loading=\"lazy\" \/>\t\t\t\t\t\t\t\t\t\t\t\t\t\t\t<\/div>\n\t\t\t\t<\/div>\n\t\t\t\t<div class=\"elementor-element elementor-element-95105e5 elementor-widget elementor-widget-heading\" data-id=\"95105e5\" data-element_type=\"widget\" data-e-type=\"widget\" data-widget_type=\"heading.default\">\n\t\t\t\t<div class=\"elementor-widget-container\">\n\t\t\t\t\t<h2 class=\"elementor-heading-title elementor-size-default\">Tableur\u00a0(Excel)<\/h2>\t\t\t\t<\/div>\n\t\t\t\t<\/div>\n\t\t\t\t<\/div>\n\t\t\t\t\t<\/div>\n\t\t\t\t<\/div>\n\t\t<div class=\"elementor-element elementor-element-7fa1edd e-flex e-con-boxed e-con e-parent\" data-id=\"7fa1edd\" data-element_type=\"container\" data-e-type=\"container\" data-settings=\"{&quot;background_background&quot;:&quot;classic&quot;}\">\n\t\t\t\t\t<div class=\"e-con-inner\">\n\t\t<div class=\"elementor-element elementor-element-07bbcc4 e-con-full e-flex e-con e-child\" data-id=\"07bbcc4\" data-element_type=\"container\" data-e-type=\"container\">\n\t\t<div class=\"elementor-element elementor-element-6792cd3 e-con-full e-flex e-con e-child\" data-id=\"6792cd3\" data-element_type=\"container\" data-e-type=\"container\">\n\t\t\t\t<div class=\"elementor-element elementor-element-9df641d elementor-widget elementor-widget-image\" data-id=\"9df641d\" data-element_type=\"widget\" data-e-type=\"widget\" data-widget_type=\"image.default\">\n\t\t\t\t<div class=\"elementor-widget-container\">\n\t\t\t\t\t\t\t\t\t\t\t\t\t\t\t<img decoding=\"async\" src=\"https:\/\/mmi-tarbes.fr\/MaximePortfolio\/wp-content\/uploads\/elementor\/thumbs\/facebook-qvlm33t1p2o32rnwcf2a8legd004txh4u49c8u8v7o.png\" title=\"facebook\" alt=\"facebook\" loading=\"lazy\" \/>\t\t\t\t\t\t\t\t\t\t\t\t\t\t\t<\/div>\n\t\t\t\t<\/div>\n\t\t\t\t<\/div>\n\t\t\t\t<\/div>\n\t\t<div class=\"elementor-element elementor-element-87c0ebf e-con-full e-flex e-con e-child\" data-id=\"87c0ebf\" data-element_type=\"container\" data-e-type=\"container\">\n\t\t<div class=\"elementor-element elementor-element-b157f93 e-con-full e-flex e-con e-child\" data-id=\"b157f93\" data-element_type=\"container\" data-e-type=\"container\">\n\t\t\t\t<div class=\"elementor-element elementor-element-abaef91 elementor-widget elementor-widget-image\" data-id=\"abaef91\" data-element_type=\"widget\" data-e-type=\"widget\" data-widget_type=\"image.default\">\n\t\t\t\t<div class=\"elementor-widget-container\">\n\t\t\t\t\t\t\t\t\t\t\t\t\t\t\t<img decoding=\"async\" src=\"https:\/\/mmi-tarbes.fr\/MaximePortfolio\/wp-content\/uploads\/elementor\/thumbs\/Instagram-qvln5rw0uplqp9htjmsrbc444neqhnzltiffzmwt8k.png\" title=\"Instagram\" alt=\"Instagram\" loading=\"lazy\" \/>\t\t\t\t\t\t\t\t\t\t\t\t\t\t\t<\/div>\n\t\t\t\t<\/div>\n\t\t\t\t<\/div>\n\t\t\t\t<\/div>\n\t\t<div class=\"elementor-element elementor-element-b47a2e6 e-con-full e-flex e-con e-child\" data-id=\"b47a2e6\" data-element_type=\"container\" data-e-type=\"container\">\n\t\t<div class=\"elementor-element elementor-element-d855853 e-con-full e-flex e-con e-child\" data-id=\"d855853\" data-element_type=\"container\" data-e-type=\"container\">\n\t\t\t\t<div class=\"elementor-element elementor-element-6defab1 elementor-widget elementor-widget-image\" data-id=\"6defab1\" data-element_type=\"widget\" data-e-type=\"widget\" data-widget_type=\"image.default\">\n\t\t\t\t<div class=\"elementor-widget-container\">\n\t\t\t\t\t\t\t\t\t\t\t\t\t\t\t<img decoding=\"async\" src=\"https:\/\/mmi-tarbes.fr\/MaximePortfolio\/wp-content\/uploads\/elementor\/thumbs\/Snapchat-qvlm36mk9kry1ljsvya5y2ou55m8h0sbui7soo4op0.png\" title=\"Snapchat\" alt=\"Snapchat\" loading=\"lazy\" \/>\t\t\t\t\t\t\t\t\t\t\t\t\t\t\t<\/div>\n\t\t\t\t<\/div>\n\t\t\t\t<\/div>\n\t\t\t\t<\/div>\n\t\t<div class=\"elementor-element elementor-element-cd98bff e-con-full e-flex e-con e-child\" data-id=\"cd98bff\" data-element_type=\"container\" data-e-type=\"container\">\n\t\t\t\t<div class=\"elementor-element elementor-element-98b53d5 elementor-widget elementor-widget-heading\" data-id=\"98b53d5\" data-element_type=\"widget\" data-e-type=\"widget\" data-widget_type=\"heading.default\">\n\t\t\t\t<div class=\"elementor-widget-container\">\n\t\t\t\t\t<h2 class=\"elementor-heading-title elementor-size-default\">Communication (Facebook, Instagram, Snapchat)<\/h2>\t\t\t\t<\/div>\n\t\t\t\t<\/div>\n\t\t\t\t<\/div>\n\t\t\t\t\t<\/div>\n\t\t\t\t<\/div>\n\t\t<div class=\"elementor-element elementor-element-d7d972e e-flex e-con-boxed e-con e-parent\" data-id=\"d7d972e\" data-element_type=\"container\" data-e-type=\"container\" data-settings=\"{&quot;background_background&quot;:&quot;classic&quot;}\">\n\t\t\t\t\t<div class=\"e-con-inner\">\n\t\t<div class=\"elementor-element elementor-element-6cc3030 e-con-full e-flex e-con e-child\" data-id=\"6cc3030\" data-element_type=\"container\" data-e-type=\"container\">\n\t\t\t\t<div class=\"elementor-element elementor-element-80f68a7 elementor-widget elementor-widget-image\" data-id=\"80f68a7\" data-element_type=\"widget\" data-e-type=\"widget\" data-widget_type=\"image.default\">\n\t\t\t\t<div class=\"elementor-widget-container\">\n\t\t\t\t\t\t\t\t\t\t\t\t\t\t\t<img decoding=\"async\" src=\"https:\/\/mmi-tarbes.fr\/MaximePortfolio\/wp-content\/uploads\/elementor\/thumbs\/royaume-uni-qvlm36mkmqepe0smwsxs0rlcc7cgos5otzxzx7bczo.png\" title=\"royaume-uni\" alt=\"royaume-uni\" loading=\"lazy\" \/>\t\t\t\t\t\t\t\t\t\t\t\t\t\t\t<\/div>\n\t\t\t\t<\/div>\n\t\t\t\t<div class=\"elementor-element elementor-element-175b75f elementor-widget elementor-widget-heading\" data-id=\"175b75f\" data-element_type=\"widget\" data-e-type=\"widget\" data-widget_type=\"heading.default\">\n\t\t\t\t<div class=\"elementor-widget-container\">\n\t\t\t\t\t<h2 class=\"elementor-heading-title elementor-size-default\">Anglais (Niveau B2)<\/h2>\t\t\t\t<\/div>\n\t\t\t\t<\/div>\n\t\t\t\t<\/div>\n\t\t\t\t\t<\/div>\n\t\t\t\t<\/div>\n\t\t<div class=\"elementor-element elementor-element-db669b7 e-flex e-con-boxed e-con e-parent\" data-id=\"db669b7\" data-element_type=\"container\" data-e-type=\"container\" data-settings=\"{&quot;background_background&quot;:&quot;classic&quot;}\">\n\t\t\t\t\t<div class=\"e-con-inner\">\n\t\t<div class=\"elementor-element elementor-element-cd3cdfc e-con-full e-flex e-con e-child\" data-id=\"cd3cdfc\" data-element_type=\"container\" data-e-type=\"container\">\n\t\t\t\t<div class=\"elementor-element elementor-element-7c0a727 elementor-widget elementor-widget-image\" data-id=\"7c0a727\" data-element_type=\"widget\" data-e-type=\"widget\" data-widget_type=\"image.default\">\n\t\t\t\t<div class=\"elementor-widget-container\">\n\t\t\t\t\t\t\t\t\t\t\t\t\t\t\t<img decoding=\"async\" src=\"https:\/\/mmi-tarbes.fr\/MaximePortfolio\/wp-content\/uploads\/elementor\/thumbs\/espagne-qvlm33t228auf6wqd9pwbaayk1qd1ouhtlzjhdfjic.webp\" title=\"espagne\" alt=\"espagne\" loading=\"lazy\" \/>\t\t\t\t\t\t\t\t\t\t\t\t\t\t\t<\/div>\n\t\t\t\t<\/div>\n\t\t\t\t<div class=\"elementor-element elementor-element-d270dcc elementor-widget elementor-widget-heading\" data-id=\"d270dcc\" data-element_type=\"widget\" data-e-type=\"widget\" data-widget_type=\"heading.default\">\n\t\t\t\t<div class=\"elementor-widget-container\">\n\t\t\t\t\t<h2 class=\"elementor-heading-title elementor-size-default\">Espagnol (Niveau B1)<\/h2>\t\t\t\t<\/div>\n\t\t\t\t<\/div>\n\t\t\t\t<\/div>\n\t\t\t\t\t<\/div>\n\t\t\t\t<\/div>\n\t\t<div class=\"elementor-element elementor-element-c328e63 e-flex e-con-boxed e-con e-parent\" data-id=\"c328e63\" data-element_type=\"container\" data-e-type=\"container\" data-settings=\"{&quot;background_background&quot;:&quot;classic&quot;}\">\n\t\t\t\t\t<div class=\"e-con-inner\">\n\t\t\t\t\t<\/div>\n\t\t\t\t<\/div>\n\t\t\t\t<\/div>\n\t\t","protected":false},"excerpt":{"rendered":"<p>A propos Je suis Maxime Petit, \u00e9tudiant en troisi\u00e8me ann\u00e9e de BUT M\u00e9tiers du multim\u00e9dia et de l&rsquo;internet \u00e0 l&rsquo;IUT de Tarbes. N\u00e9 le 6 octobre 2001 \u00e0 Toulon, je suis diagnostiqu\u00e9 autiste quand j&rsquo;avais 3 ans, mais je ne l&rsquo;ai su qu&rsquo;\u00e0 10 ans. Cet handicap, bien qu&rsquo;il m&#8217;emp\u00eache de comprendre certaines choses, a [&hellip;]<\/p>\n","protected":false},"author":1,"featured_media":0,"parent":0,"menu_order":0,"comment_status":"closed","ping_status":"closed","template":"","meta":{"footnotes":""},"class_list":["post-26","page","type-page","status-publish","hentry"],"_links":{"self":[{"href":"https:\/\/mmi-tarbes.fr\/MaximePortfolio\/wp-json\/wp\/v2\/pages\/26","targetHints":{"allow":["GET"]}}],"collection":[{"href":"https:\/\/mmi-tarbes.fr\/MaximePortfolio\/wp-json\/wp\/v2\/pages"}],"about":[{"href":"https:\/\/mmi-tarbes.fr\/MaximePortfolio\/wp-json\/wp\/v2\/types\/page"}],"author":[{"embeddable":true,"href":"https:\/\/mmi-tarbes.fr\/MaximePortfolio\/wp-json\/wp\/v2\/users\/1"}],"replies":[{"embeddable":true,"href":"https:\/\/mmi-tarbes.fr\/MaximePortfolio\/wp-json\/wp\/v2\/comments?post=26"}],"version-history":[{"count":166,"href":"https:\/\/mmi-tarbes.fr\/MaximePortfolio\/wp-json\/wp\/v2\/pages\/26\/revisions"}],"predecessor-version":[{"id":656,"href":"https:\/\/mmi-tarbes.fr\/MaximePortfolio\/wp-json\/wp\/v2\/pages\/26\/revisions\/656"}],"wp:attachment":[{"href":"https:\/\/mmi-tarbes.fr\/MaximePortfolio\/wp-json\/wp\/v2\/media?parent=26"}],"curies":[{"name":"wp","href":"https:\/\/api.w.org\/{rel}","templated":true}]}}