{"id":202,"date":"2024-10-30T16:45:19","date_gmt":"2024-10-30T15:45:19","guid":{"rendered":"https:\/\/mmi-tarbes.fr\/MaximePortfolio\/?page_id=202"},"modified":"2025-03-04T08:59:55","modified_gmt":"2025-03-04T07:59:55","slug":"elementor-202","status":"publish","type":"page","link":"https:\/\/mmi-tarbes.fr\/MaximePortfolio\/elementor-202\/","title":{"rendered":"Lara Croft"},"content":{"rendered":"\t\t<div data-elementor-type=\"wp-page\" data-elementor-id=\"202\" class=\"elementor elementor-202\" data-elementor-post-type=\"page\">\n\t\t\t\t<div class=\"elementor-element elementor-element-745595c e-flex e-con-boxed e-con e-parent\" data-id=\"745595c\" data-element_type=\"container\" data-e-type=\"container\" data-settings=\"{&quot;background_background&quot;:&quot;classic&quot;}\">\n\t\t\t\t\t<div class=\"e-con-inner\">\n\t\t<div class=\"elementor-element elementor-element-3a43c6a e-con-full e-flex e-con e-child\" data-id=\"3a43c6a\" data-element_type=\"container\" data-e-type=\"container\">\n\t\t<div class=\"elementor-element elementor-element-0ddaa8a e-con-full e-flex e-con e-child\" data-id=\"0ddaa8a\" data-element_type=\"container\" data-e-type=\"container\">\n\t\t\t\t<div class=\"elementor-element elementor-element-709b2fc elementor-widget elementor-widget-image\" data-id=\"709b2fc\" data-element_type=\"widget\" data-e-type=\"widget\" data-widget_type=\"image.default\">\n\t\t\t\t<div class=\"elementor-widget-container\">\n\t\t\t\t\t\t\t\t\t\t\t\t\t\t\t<img decoding=\"async\" src=\"https:\/\/mmi-tarbes.fr\/MaximePortfolio\/wp-content\/uploads\/elementor\/thumbs\/Adobe_Photoshop_CC_icon.svg_-r2csr5v68pz9gih591mfyj6u6yrkknte361nsxfchw.png\" title=\"Adobe_Photoshop_CC_icon.svg\" alt=\"Adobe_Photoshop_CC_icon.svg\" loading=\"lazy\" \/>\t\t\t\t\t\t\t\t\t\t\t\t\t\t\t<\/div>\n\t\t\t\t<\/div>\n\t\t\t\t<\/div>\n\t\t\t\t<div class=\"elementor-element elementor-element-9ea3689 elementor-widget elementor-widget-image\" data-id=\"9ea3689\" data-element_type=\"widget\" data-e-type=\"widget\" data-widget_type=\"image.default\">\n\t\t\t\t<div class=\"elementor-widget-container\">\n\t\t\t\t\t\t\t\t\t\t\t\t\t\t\t<img fetchpriority=\"high\" decoding=\"async\" width=\"212\" height=\"300\" src=\"https:\/\/mmi-tarbes.fr\/MaximePortfolio\/wp-content\/uploads\/2024\/09\/Lara_Croft_Maxime_PETIT-copie-212x300.jpg\" class=\"attachment-medium size-medium wp-image-51\" alt=\"\" srcset=\"https:\/\/mmi-tarbes.fr\/MaximePortfolio\/wp-content\/uploads\/2024\/09\/Lara_Croft_Maxime_PETIT-copie-212x300.jpg 212w, https:\/\/mmi-tarbes.fr\/MaximePortfolio\/wp-content\/uploads\/2024\/09\/Lara_Croft_Maxime_PETIT-copie-724x1024.jpg 724w, https:\/\/mmi-tarbes.fr\/MaximePortfolio\/wp-content\/uploads\/2024\/09\/Lara_Croft_Maxime_PETIT-copie-768x1086.jpg 768w, https:\/\/mmi-tarbes.fr\/MaximePortfolio\/wp-content\/uploads\/2024\/09\/Lara_Croft_Maxime_PETIT-copie-1086x1536.jpg 1086w, https:\/\/mmi-tarbes.fr\/MaximePortfolio\/wp-content\/uploads\/2024\/09\/Lara_Croft_Maxime_PETIT-copie-1448x2048.jpg 1448w, https:\/\/mmi-tarbes.fr\/MaximePortfolio\/wp-content\/uploads\/2024\/09\/Lara_Croft_Maxime_PETIT-copie-scaled.jpg 1810w\" sizes=\"(max-width: 212px) 100vw, 212px\" \/>\t\t\t\t\t\t\t\t\t\t\t\t\t\t\t<\/div>\n\t\t\t\t<\/div>\n\t\t\t\t<\/div>\n\t\t<div class=\"elementor-element elementor-element-8df6838 e-con-full e-flex e-con e-child\" data-id=\"8df6838\" data-element_type=\"container\" data-e-type=\"container\">\n\t\t\t\t<div class=\"elementor-element elementor-element-c72458b elementor-widget elementor-widget-text-editor\" data-id=\"c72458b\" data-element_type=\"widget\" data-e-type=\"widget\" data-widget_type=\"text-editor.default\">\n\t\t\t\t<div class=\"elementor-widget-container\">\n\t\t\t\t\t\t\t\t\t<p><strong>Image de Lara Croft, personnage principal de la franchise de jeux vid\u00e9os Tomb Raider, dans l&rsquo;initiale de cette derni\u00e8re. Cr\u00e9\u00e9e dans le cadre d&rsquo;un exercice sur Photoshop.<\/strong><\/p>\t\t\t\t\t\t\t\t<\/div>\n\t\t\t\t<\/div>\n\t\t\t\t<\/div>\n\t\t\t\t\t<\/div>\n\t\t\t\t<\/div>\n\t\t\t\t<\/div>\n\t\t","protected":false},"excerpt":{"rendered":"<p>Image de Lara Croft, personnage principal de la franchise de jeux vid\u00e9os Tomb Raider, dans l&rsquo;initiale de cette derni\u00e8re. Cr\u00e9\u00e9e dans le cadre d&rsquo;un exercice sur Photoshop.<\/p>\n","protected":false},"author":1,"featured_media":0,"parent":0,"menu_order":0,"comment_status":"closed","ping_status":"closed","template":"","meta":{"footnotes":""},"class_list":["post-202","page","type-page","status-publish","hentry"],"_links":{"self":[{"href":"https:\/\/mmi-tarbes.fr\/MaximePortfolio\/wp-json\/wp\/v2\/pages\/202","targetHints":{"allow":["GET"]}}],"collection":[{"href":"https:\/\/mmi-tarbes.fr\/MaximePortfolio\/wp-json\/wp\/v2\/pages"}],"about":[{"href":"https:\/\/mmi-tarbes.fr\/MaximePortfolio\/wp-json\/wp\/v2\/types\/page"}],"author":[{"embeddable":true,"href":"https:\/\/mmi-tarbes.fr\/MaximePortfolio\/wp-json\/wp\/v2\/users\/1"}],"replies":[{"embeddable":true,"href":"https:\/\/mmi-tarbes.fr\/MaximePortfolio\/wp-json\/wp\/v2\/comments?post=202"}],"version-history":[{"count":23,"href":"https:\/\/mmi-tarbes.fr\/MaximePortfolio\/wp-json\/wp\/v2\/pages\/202\/revisions"}],"predecessor-version":[{"id":639,"href":"https:\/\/mmi-tarbes.fr\/MaximePortfolio\/wp-json\/wp\/v2\/pages\/202\/revisions\/639"}],"wp:attachment":[{"href":"https:\/\/mmi-tarbes.fr\/MaximePortfolio\/wp-json\/wp\/v2\/media?parent=202"}],"curies":[{"name":"wp","href":"https:\/\/api.w.org\/{rel}","templated":true}]}}